[INFO] fetching crate rune 0.6.0...
[INFO] checking rune-0.6.0 against master#af3c6e733a40e671550e0f0f5aeecaa13772ba56 for pr-74989
[INFO] extracting crate rune 0.6.0 into /workspace/builds/worker-8/source
[INFO] validating manifest of crates.io crate rune 0.6.0 on toolchain af3c6e733a40e671550e0f0f5aeecaa13772ba56
[INFO] running `Command { std: "/workspace/cargo-home/bin/cargo" "+af3c6e733a40e671550e0f0f5aeecaa13772ba56" "read-manifest" "--manifest-path" "Cargo.toml", kill_on_drop: false }`
[INFO] started tweaking crates.io crate rune 0.6.0
[INFO] finished tweaking crates.io crate rune 0.6.0
[INFO] tweaked toml for crates.io crate rune 0.6.0 written to /workspace/builds/worker-8/source/Cargo.toml
[INFO] running `Command { std: "/workspace/cargo-home/bin/cargo" "+af3c6e733a40e671550e0f0f5aeecaa13772ba56" "generate-lockfile" "--manifest-path" "Cargo.toml" "-Zno-index-update", kill_on_drop: false }`
[INFO] running `Command { std: "/workspace/cargo-home/bin/cargo" "+af3c6e733a40e671550e0f0f5aeecaa13772ba56" "fetch" "--locked" "--manifest-path" "Cargo.toml", kill_on_drop: false }`
[INFO] running `Command { std: "docker" "create" "-v" "/var/lib/crater-agent-workspace/builds/worker-8/target:/opt/rustwide/target:rw,Z" "-v" "/var/lib/crater-agent-workspace/builds/worker-8/source:/opt/rustwide/workdir:ro,Z" "-v" "/var/lib/crater-agent-workspace/cargo-home:/opt/rustwide/cargo-home:ro,Z" "-v" "/var/lib/crater-agent-workspace/rustup-home:/opt/rustwide/rustup-home:ro,Z" "-e" "SOURCE_DIR=/opt/rustwide/workdir" "-e" "CARGO_TARGET_DIR=/opt/rustwide/target" "-e" "CARGO_HOME=/opt/rustwide/cargo-home" "-e" "RUSTUP_HOME=/opt/rustwide/rustup-home" "-w" "/opt/rustwide/workdir" "-m" "1610612736" "--user" "0:0" "--network" "none" "rustops/crates-build-env@sha256:d92eaeed33fa75130ca1ee6c8a01d1ffb62bac859dfdfb3450e3e5d1c0146529" "/opt/rustwide/cargo-home/bin/cargo" "+af3c6e733a40e671550e0f0f5aeecaa13772ba56" "metadata" "--no-deps" "--format-version=1", kill_on_drop: false }`
[INFO] [stdout] 1f9f686e19f99910792682f7cd855491430e4cf434bee6dde0bfeb475b529234
[INFO] [stderr] WARNING: Your kernel does not support swap limit capabilities or the cgroup is not mounted. Memory limited without swap.
[INFO] running `Command { std: "docker" "start" "-a" "1f9f686e19f99910792682f7cd855491430e4cf434bee6dde0bfeb475b529234", kill_on_drop: false }`
[INFO] running `Command { std: "docker" "inspect" "1f9f686e19f99910792682f7cd855491430e4cf434bee6dde0bfeb475b529234", kill_on_drop: false }`
[INFO] running `Command { std: "docker" "rm" "-f" "1f9f686e19f99910792682f7cd855491430e4cf434bee6dde0bfeb475b529234", kill_on_drop: false }`
[INFO] [stdout] 1f9f686e19f99910792682f7cd855491430e4cf434bee6dde0bfeb475b529234
[INFO] running `Command { std: "docker" "create" "-v" "/var/lib/crater-agent-workspace/builds/worker-8/target:/opt/rustwide/target:rw,Z" "-v" "/var/lib/crater-agent-workspace/builds/worker-8/source:/opt/rustwide/workdir:ro,Z" "-v" "/var/lib/crater-agent-workspace/cargo-home:/opt/rustwide/cargo-home:ro,Z" "-v" "/var/lib/crater-agent-workspace/rustup-home:/opt/rustwide/rustup-home:ro,Z" "-e" "SOURCE_DIR=/opt/rustwide/workdir" "-e" "CARGO_TARGET_DIR=/opt/rustwide/target" "-e" "CARGO_INCREMENTAL=0" "-e" "RUST_BACKTRACE=full" "-e" "RUSTFLAGS=--cap-lints=forbid" "-e" "CARGO_HOME=/opt/rustwide/cargo-home" "-e" "RUSTUP_HOME=/opt/rustwide/rustup-home" "-w" "/opt/rustwide/workdir" "-m" "1610612736" "--user" "0:0" "--network" "none" "rustops/crates-build-env@sha256:d92eaeed33fa75130ca1ee6c8a01d1ffb62bac859dfdfb3450e3e5d1c0146529" "/opt/rustwide/cargo-home/bin/cargo" "+af3c6e733a40e671550e0f0f5aeecaa13772ba56" "check" "--frozen" "--all" "--all-targets" "--message-format=json", kill_on_drop: false }`
[INFO] [stderr] WARNING: Your kernel does not support swap limit capabilities or the cgroup is not mounted. Memory limited without swap.
[INFO] [stdout] cd96f6fb8a26acef1aebf8a459a4803e42b9ee1d1a993baefffcfc7b350e8e35
[INFO] running `Command { std: "docker" "start" "-a" "cd96f6fb8a26acef1aebf8a459a4803e42b9ee1d1a993baefffcfc7b350e8e35", kill_on_drop: false }`
[INFO] [stderr]     Checking unicode-width v0.1.8
[INFO] [stderr]     Checking termcolor v1.1.0
[INFO] [stderr]    Compiling num-traits v0.2.12
[INFO] [stderr]    Compiling num-integer v0.1.43
[INFO] [stderr]    Compiling num-bigint v0.3.0
[INFO] [stderr]    Compiling num-rational v0.3.0
[INFO] [stderr]    Compiling num-iter v0.1.41
[INFO] [stderr]     Checking runestick v0.6.16
[INFO] [stderr]     Checking codespan-reporting v0.9.5
[INFO] [stderr]     Checking num-complex v0.3.0
[INFO] [stderr]     Checking num v0.3.0
[INFO] [stderr]     Checking rune v0.6.0 (/opt/rustwide/workdir)
[INFO] [stdout] error[E0432]: unresolved import `runestick::unit::UnitFnCall`
[INFO] [stdout]  --> src/index.rs:9:5
[INFO] [stdout]   |
[INFO] [stdout] 9 | use runestick::unit::UnitFnCall;
[INFO] [stdout]   |     ^^^^^^^^^^^^^^^^^^^^^^^^^^^ no `UnitFnCall` in `unit`
[INFO] [stdout] 
[INFO] [stdout] 
[INFO] [stdout] error[E0432]: unresolved import `runestick::unit::UnitFnCall`
[INFO] [stdout]  --> src/query.rs:9:5
[INFO] [stdout]   |
[INFO] [stdout] 9 |     unit::UnitFnCall, Hash, Item, Meta, MetaClosureCapture, MetaStruct, MetaTuple, Span, Unit,
[INFO] [stdout]   |     ^^^^^^^^^^^^^^^^ no `UnitFnCall` in `unit`
[INFO] [stdout] 
[INFO] [stdout] 
[INFO] [stdout] error[E0603]: module `unit` is private
[INFO] [stdout]   --> src/ast/mod.rs:8:16
[INFO] [stdout]    |
[INFO] [stdout] 8  | use runestick::unit::Span;
[INFO] [stdout]    |                ^^^^ private module
[INFO] [stdout]    |
[INFO] [stdout] note: the module `unit` is defined here
[INFO] [stdout]   --> /opt/rustwide/cargo-home/registry/src/github.com-1ecc6299db9ec823/runestick-0.6.16/src/lib.rs:79:1
[INFO] [stdout]    |
[INFO] [stdout] 79 | mod unit;
[INFO] [stdout]    | ^^^^^^^^^
[INFO] [stdout] 
[INFO] [stdout] 
[INFO] [stdout] error[E0603]: module `unit` is private
[INFO] [stdout]   --> src/ast/condition.rs:6:16
[INFO] [stdout]    |
[INFO] [stdout] 6  | use runestick::unit::Span;
[INFO] [stdout]    |                ^^^^ private module
[INFO] [stdout]    |
[INFO] [stdout] note: the module `unit` is defined here
[INFO] [stdout]   --> /opt/rustwide/cargo-home/registry/src/github.com-1ecc6299db9ec823/runestick-0.6.16/src/lib.rs:79:1
[INFO] [stdout]    |
[INFO] [stdout] 79 | mod unit;
[INFO] [stdout]    | ^^^^^^^^^
[INFO] [stdout] 
[INFO] [stdout] 
[INFO] [stdout] error[E0603]: module `unit` is private
[INFO] [stdout]   --> src/ast/decl_enum.rs:5:16
[INFO] [stdout]    |
[INFO] [stdout] 5  | use runestick::unit::Span;
[INFO] [stdout]    |                ^^^^ private module
[INFO] [stdout]    |
[INFO] [stdout] note: the module `unit` is defined here
[INFO] [stdout]   --> /opt/rustwide/cargo-home/registry/src/github.com-1ecc6299db9ec823/runestick-0.6.16/src/lib.rs:79:1
[INFO] [stdout]    |
[INFO] [stdout] 79 | mod unit;
[INFO] [stdout]    | ^^^^^^^^^
[INFO] [stdout] 
[INFO] [stdout] 
[INFO] [stdout] error[E0603]: module `unit` is private
[INFO] [stdout]   --> src/ast/decl_fn.rs:6:16
[INFO] [stdout]    |
[INFO] [stdout] 6  | use runestick::unit::Span;
[INFO] [stdout]    |                ^^^^ private module
[INFO] [stdout]    |
[INFO] [stdout] note: the module `unit` is defined here
[INFO] [stdout]   --> /opt/rustwide/cargo-home/registry/src/github.com-1ecc6299db9ec823/runestick-0.6.16/src/lib.rs:79:1
[INFO] [stdout]    |
[INFO] [stdout] 79 | mod unit;
[INFO] [stdout]    | ^^^^^^^^^
[INFO] [stdout] 
[INFO] [stdout] 
[INFO] [stdout] error[E0603]: module `unit` is private
[INFO] [stdout]   --> src/ast/expr.rs:6:16
[INFO] [stdout]    |
[INFO] [stdout] 6  | use runestick::unit::Span;
[INFO] [stdout]    |                ^^^^ private module
[INFO] [stdout]    |
[INFO] [stdout] note: the module `unit` is defined here
[INFO] [stdout]   --> /opt/rustwide/cargo-home/registry/src/github.com-1ecc6299db9ec823/runestick-0.6.16/src/lib.rs:79:1
[INFO] [stdout]    |
[INFO] [stdout] 79 | mod unit;
[INFO] [stdout]    | ^^^^^^^^^
[INFO] [stdout] 
[INFO] [stdout] 
[INFO] [stdout] error[E0603]: module `unit` is private
[INFO] [stdout]   --> src/ast/expr_await.rs:5:16
[INFO] [stdout]    |
[INFO] [stdout] 5  | use runestick::unit::Span;
[INFO] [stdout]    |                ^^^^ private module
[INFO] [stdout]    |
[INFO] [stdout] note: the module `unit` is defined here
[INFO] [stdout]   --> /opt/rustwide/cargo-home/registry/src/github.com-1ecc6299db9ec823/runestick-0.6.16/src/lib.rs:79:1
[INFO] [stdout]    |
[INFO] [stdout] 79 | mod unit;
[INFO] [stdout]    | ^^^^^^^^^
[INFO] [stdout] 
[INFO] [stdout] 
[INFO] [stdout] error[E0603]: module `unit` is private
[INFO] [stdout]   --> src/ast/expr_binary.rs:4:16
[INFO] [stdout]    |
[INFO] [stdout] 4  | use runestick::unit::Span;
[INFO] [stdout]    |                ^^^^ private module
[INFO] [stdout]    |
[INFO] [stdout] note: the module `unit` is defined here
[INFO] [stdout]   --> /opt/rustwide/cargo-home/registry/src/github.com-1ecc6299db9ec823/runestick-0.6.16/src/lib.rs:79:1
[INFO] [stdout]    |
[INFO] [stdout] 79 | mod unit;
[INFO] [stdout]    | ^^^^^^^^^
[INFO] [stdout] 
[INFO] [stdout] 
[INFO] [stdout] error[E0603]: module `unit` is private
[INFO] [stdout]   --> src/ast/expr_block.rs:5:16
[INFO] [stdout]    |
[INFO] [stdout] 5  | use runestick::unit::Span;
[INFO] [stdout]    |                ^^^^ private module
[INFO] [stdout]    |
[INFO] [stdout] note: the module `unit` is defined here
[INFO] [stdout]   --> /opt/rustwide/cargo-home/registry/src/github.com-1ecc6299db9ec823/runestick-0.6.16/src/lib.rs:79:1
[INFO] [stdout]    |
[INFO] [stdout] 79 | mod unit;
[INFO] [stdout]    | ^^^^^^^^^
[INFO] [stdout] 
[INFO] [stdout] 
[INFO] [stdout] error[E0603]: module `unit` is private
[INFO] [stdout]   --> src/ast/expr_break.rs:6:16
[INFO] [stdout]    |
[INFO] [stdout] 6  | use runestick::unit::Span;
[INFO] [stdout]    |                ^^^^ private module
[INFO] [stdout]    |
[INFO] [stdout] note: the module `unit` is defined here
[INFO] [stdout]   --> /opt/rustwide/cargo-home/registry/src/github.com-1ecc6299db9ec823/runestick-0.6.16/src/lib.rs:79:1
[INFO] [stdout]    |
[INFO] [stdout] 79 | mod unit;
[INFO] [stdout]    | ^^^^^^^^^
[INFO] [stdout] 
[INFO] [stdout] 
[INFO] [stdout] error[E0603]: module `unit` is private
[INFO] [stdout]   --> src/ast/expr_call.rs:2:16
[INFO] [stdout]    |
[INFO] [stdout] 2  | use runestick::unit::Span;
[INFO] [stdout]    |                ^^^^ private module
[INFO] [stdout]    |
[INFO] [stdout] note: the module `unit` is defined here
[INFO] [stdout]   --> /opt/rustwide/cargo-home/registry/src/github.com-1ecc6299db9ec823/runestick-0.6.16/src/lib.rs:79:1
[INFO] [stdout]    |
[INFO] [stdout] 79 | mod unit;
[INFO] [stdout]    | ^^^^^^^^^
[INFO] [stdout] 
[INFO] [stdout] 
[INFO] [stdout] error[E0603]: module `unit` is private
[INFO] [stdout]   --> src/ast/expr_closure.rs:5:16
[INFO] [stdout]    |
[INFO] [stdout] 5  | use runestick::unit::Span;
[INFO] [stdout]    |                ^^^^ private module
[INFO] [stdout]    |
[INFO] [stdout] note: the module `unit` is defined here
[INFO] [stdout]   --> /opt/rustwide/cargo-home/registry/src/github.com-1ecc6299db9ec823/runestick-0.6.16/src/lib.rs:79:1
[INFO] [stdout]    |
[INFO] [stdout] 79 | mod unit;
[INFO] [stdout]    | ^^^^^^^^^
[INFO] [stdout] 
[INFO] [stdout] 
[INFO] [stdout] error[E0603]: module `unit` is private
[INFO] [stdout]   --> src/ast/expr_else.rs:5:16
[INFO] [stdout]    |
[INFO] [stdout] 5  | use runestick::unit::Span;
[INFO] [stdout]    |                ^^^^ private module
[INFO] [stdout]    |
[INFO] [stdout] note: the module `unit` is defined here
[INFO] [stdout]   --> /opt/rustwide/cargo-home/registry/src/github.com-1ecc6299db9ec823/runestick-0.6.16/src/lib.rs:79:1
[INFO] [stdout]    |
[INFO] [stdout] 79 | mod unit;
[INFO] [stdout]    | ^^^^^^^^^
[INFO] [stdout] 
[INFO] [stdout] 
[INFO] [stdout] error[E0603]: module `unit` is private
[INFO] [stdout]   --> src/ast/expr_else_if.rs:5:16
[INFO] [stdout]    |
[INFO] [stdout] 5  | use runestick::unit::Span;
[INFO] [stdout]    |                ^^^^ private module
[INFO] [stdout]    |
[INFO] [stdout] note: the module `unit` is defined here
[INFO] [stdout]   --> /opt/rustwide/cargo-home/registry/src/github.com-1ecc6299db9ec823/runestick-0.6.16/src/lib.rs:79:1
[INFO] [stdout]    |
[INFO] [stdout] 79 | mod unit;
[INFO] [stdout]    | ^^^^^^^^^
[INFO] [stdout] 
[INFO] [stdout] 
[INFO] [stdout] error[E0603]: module `unit` is private
[INFO] [stdout]   --> src/ast/expr_field_access.rs:2:16
[INFO] [stdout]    |
[INFO] [stdout] 2  | use runestick::unit::Span;
[INFO] [stdout]    |                ^^^^ private module
[INFO] [stdout]    |
[INFO] [stdout] note: the module `unit` is defined here
[INFO] [stdout]   --> /opt/rustwide/cargo-home/registry/src/github.com-1ecc6299db9ec823/runestick-0.6.16/src/lib.rs:79:1
[INFO] [stdout]    |
[INFO] [stdout] 79 | mod unit;
[INFO] [stdout]    | ^^^^^^^^^
[INFO] [stdout] 
[INFO] [stdout] 
[INFO] [stdout] error[E0603]: module `unit` is private
[INFO] [stdout]   --> src/ast/expr_for.rs:5:16
[INFO] [stdout]    |
[INFO] [stdout] 5  | use runestick::unit::Span;
[INFO] [stdout]    |                ^^^^ private module
[INFO] [stdout]    |
[INFO] [stdout] note: the module `unit` is defined here
[INFO] [stdout]   --> /opt/rustwide/cargo-home/registry/src/github.com-1ecc6299db9ec823/runestick-0.6.16/src/lib.rs:79:1
[INFO] [stdout]    |
[INFO] [stdout] 79 | mod unit;
[INFO] [stdout]    | ^^^^^^^^^
[INFO] [stdout] 
[INFO] [stdout] 
[INFO] [stdout] error[E0603]: module `unit` is private
[INFO] [stdout]   --> src/ast/expr_group.rs:5:16
[INFO] [stdout]    |
[INFO] [stdout] 5  | use runestick::unit::Span;
[INFO] [stdout]    |                ^^^^ private module
[INFO] [stdout]    |
[INFO] [stdout] note: the module `unit` is defined here
[INFO] [stdout]   --> /opt/rustwide/cargo-home/registry/src/github.com-1ecc6299db9ec823/runestick-0.6.16/src/lib.rs:79:1
[INFO] [stdout]    |
[INFO] [stdout] 79 | mod unit;
[INFO] [stdout]    | ^^^^^^^^^
[INFO] [stdout] 
[INFO] [stdout] 
[INFO] [stdout] error[E0603]: module `unit` is private
[INFO] [stdout]   --> src/ast/expr_if.rs:5:16
[INFO] [stdout]    |
[INFO] [stdout] 5  | use runestick::unit::Span;
[INFO] [stdout]    |                ^^^^ private module
[INFO] [stdout]    |
[INFO] [stdout] note: the module `unit` is defined here
[INFO] [stdout]   --> /opt/rustwide/cargo-home/registry/src/github.com-1ecc6299db9ec823/runestick-0.6.16/src/lib.rs:79:1
[INFO] [stdout]    |
[INFO] [stdout] 79 | mod unit;
[INFO] [stdout]    | ^^^^^^^^^
[INFO] [stdout] 
[INFO] [stdout] 
[INFO] [stdout] error[E0603]: module `unit` is private
[INFO] [stdout]   --> src/ast/expr_index_get.rs:2:16
[INFO] [stdout]    |
[INFO] [stdout] 2  | use runestick::unit::Span;
[INFO] [stdout]    |                ^^^^ private module
[INFO] [stdout]    |
[INFO] [stdout] note: the module `unit` is defined here
[INFO] [stdout]   --> /opt/rustwide/cargo-home/registry/src/github.com-1ecc6299db9ec823/runestick-0.6.16/src/lib.rs:79:1
[INFO] [stdout]    |
[INFO] [stdout] 79 | mod unit;
[INFO] [stdout]    | ^^^^^^^^^
[INFO] [stdout] 
[INFO] [stdout] 
[INFO] [stdout] error[E0603]: module `unit` is private
[INFO] [stdout]   --> src/ast/expr_index_set.rs:2:16
[INFO] [stdout]    |
[INFO] [stdout] 2  | use runestick::unit::Span;
[INFO] [stdout]    |                ^^^^ private module
[INFO] [stdout]    |
[INFO] [stdout] note: the module `unit` is defined here
[INFO] [stdout]   --> /opt/rustwide/cargo-home/registry/src/github.com-1ecc6299db9ec823/runestick-0.6.16/src/lib.rs:79:1
[INFO] [stdout]    |
[INFO] [stdout] 79 | mod unit;
[INFO] [stdout]    | ^^^^^^^^^
[INFO] [stdout] 
[INFO] [stdout] 
[INFO] [stdout] error[E0603]: module `unit` is private
[INFO] [stdout]   --> src/ast/expr_is.rs:5:16
[INFO] [stdout]    |
[INFO] [stdout] 5  | use runestick::unit::Span;
[INFO] [stdout]    |                ^^^^ private module
[INFO] [stdout]    |
[INFO] [stdout] note: the module `unit` is defined here
[INFO] [stdout]   --> /opt/rustwide/cargo-home/registry/src/github.com-1ecc6299db9ec823/runestick-0.6.16/src/lib.rs:79:1
[INFO] [stdout]    |
[INFO] [stdout] 79 | mod unit;
[INFO] [stdout]    | ^^^^^^^^^
[INFO] [stdout] 
[INFO] [stdout] 
[INFO] [stdout] error[E0603]: module `unit` is private
[INFO] [stdout]   --> src/ast/expr_is_not.rs:5:16
[INFO] [stdout]    |
[INFO] [stdout] 5  | use runestick::unit::Span;
[INFO] [stdout]    |                ^^^^ private module
[INFO] [stdout]    |
[INFO] [stdout] note: the module `unit` is defined here
[INFO] [stdout]   --> /opt/rustwide/cargo-home/registry/src/github.com-1ecc6299db9ec823/runestick-0.6.16/src/lib.rs:79:1
[INFO] [stdout]    |
[INFO] [stdout] 79 | mod unit;
[INFO] [stdout]    | ^^^^^^^^^
[INFO] [stdout] 
[INFO] [stdout] 
[INFO] [stdout] error[E0603]: module `unit` is private
[INFO] [stdout]   --> src/ast/expr_let.rs:5:16
[INFO] [stdout]    |
[INFO] [stdout] 5  | use runestick::unit::Span;
[INFO] [stdout]    |                ^^^^ private module
[INFO] [stdout]    |
[INFO] [stdout] note: the module `unit` is defined here
[INFO] [stdout]   --> /opt/rustwide/cargo-home/registry/src/github.com-1ecc6299db9ec823/runestick-0.6.16/src/lib.rs:79:1
[INFO] [stdout]    |
[INFO] [stdout] 79 | mod unit;
[INFO] [stdout]    | ^^^^^^^^^
[INFO] [stdout] 
[INFO] [stdout] 
[INFO] [stdout] error[E0603]: module `unit` is private
[INFO] [stdout]   --> src/ast/expr_loop.rs:5:16
[INFO] [stdout]    |
[INFO] [stdout] 5  | use runestick::unit::Span;
[INFO] [stdout]    |                ^^^^ private module
[INFO] [stdout]    |
[INFO] [stdout] note: the module `unit` is defined here
[INFO] [stdout]   --> /opt/rustwide/cargo-home/registry/src/github.com-1ecc6299db9ec823/runestick-0.6.16/src/lib.rs:79:1
[INFO] [stdout]    |
[INFO] [stdout] 79 | mod unit;
[INFO] [stdout]    | ^^^^^^^^^
[INFO] [stdout] 
[INFO] [stdout] 
[INFO] [stdout] error[E0603]: module `unit` is private
[INFO] [stdout]   --> src/ast/expr_match.rs:6:16
[INFO] [stdout]    |
[INFO] [stdout] 6  | use runestick::unit::Span;
[INFO] [stdout]    |                ^^^^ private module
[INFO] [stdout]    |
[INFO] [stdout] note: the module `unit` is defined here
[INFO] [stdout]   --> /opt/rustwide/cargo-home/registry/src/github.com-1ecc6299db9ec823/runestick-0.6.16/src/lib.rs:79:1
[INFO] [stdout]    |
[INFO] [stdout] 79 | mod unit;
[INFO] [stdout]    | ^^^^^^^^^
[INFO] [stdout] 
[INFO] [stdout] 
[INFO] [stdout] error[E0603]: module `unit` is private
[INFO] [stdout]   --> src/ast/expr_return.rs:5:16
[INFO] [stdout]    |
[INFO] [stdout] 5  | use runestick::unit::Span;
[INFO] [stdout]    |                ^^^^ private module
[INFO] [stdout]    |
[INFO] [stdout] note: the module `unit` is defined here
[INFO] [stdout]   --> /opt/rustwide/cargo-home/registry/src/github.com-1ecc6299db9ec823/runestick-0.6.16/src/lib.rs:79:1
[INFO] [stdout]    |
[INFO] [stdout] 79 | mod unit;
[INFO] [stdout]    | ^^^^^^^^^
[INFO] [stdout] 
[INFO] [stdout] 
[INFO] [stdout] error[E0603]: module `unit` is private
[INFO] [stdout]   --> src/ast/expr_select.rs:6:16
[INFO] [stdout]    |
[INFO] [stdout] 6  | use runestick::unit::Span;
[INFO] [stdout]    |                ^^^^ private module
[INFO] [stdout]    |
[INFO] [stdout] note: the module `unit` is defined here
[INFO] [stdout]   --> /opt/rustwide/cargo-home/registry/src/github.com-1ecc6299db9ec823/runestick-0.6.16/src/lib.rs:79:1
[INFO] [stdout]    |
[INFO] [stdout] 79 | mod unit;
[INFO] [stdout]    | ^^^^^^^^^
[INFO] [stdout] 
[INFO] [stdout] 
[INFO] [stdout] error[E0603]: module `unit` is private
[INFO] [stdout]   --> src/ast/expr_try.rs:2:16
[INFO] [stdout]    |
[INFO] [stdout] 2  | use runestick::unit::Span;
[INFO] [stdout]    |                ^^^^ private module
[INFO] [stdout]    |
[INFO] [stdout] note: the module `unit` is defined here
[INFO] [stdout]   --> /opt/rustwide/cargo-home/registry/src/github.com-1ecc6299db9ec823/runestick-0.6.16/src/lib.rs:79:1
[INFO] [stdout]    |
[INFO] [stdout] 79 | mod unit;
[INFO] [stdout]    | ^^^^^^^^^
[INFO] [stdout] 
[INFO] [stdout] 
[INFO] [stdout] error[E0603]: module `unit` is private
[INFO] [stdout]   --> src/ast/expr_unary.rs:7:16
[INFO] [stdout]    |
[INFO] [stdout] 7  | use runestick::unit::Span;
[INFO] [stdout]    |                ^^^^ private module
[INFO] [stdout]    |
[INFO] [stdout] note: the module `unit` is defined here
[INFO] [stdout]   --> /opt/rustwide/cargo-home/registry/src/github.com-1ecc6299db9ec823/runestick-0.6.16/src/lib.rs:79:1
[INFO] [stdout]    |
[INFO] [stdout] 79 | mod unit;
[INFO] [stdout]    | ^^^^^^^^^
[INFO] [stdout] 
[INFO] [stdout] 
[INFO] [stdout] error[E0603]: module `unit` is private
[INFO] [stdout]   --> src/ast/expr_while.rs:5:16
[INFO] [stdout]    |
[INFO] [stdout] 5  | use runestick::unit::Span;
[INFO] [stdout]    |                ^^^^ private module
[INFO] [stdout]    |
[INFO] [stdout] note: the module `unit` is defined here
[INFO] [stdout]   --> /opt/rustwide/cargo-home/registry/src/github.com-1ecc6299db9ec823/runestick-0.6.16/src/lib.rs:79:1
[INFO] [stdout]    |
[INFO] [stdout] 79 | mod unit;
[INFO] [stdout]    | ^^^^^^^^^
[INFO] [stdout] 
[INFO] [stdout] 
[INFO] [stdout] error[E0603]: module `unit` is private
[INFO] [stdout]   --> src/ast/expr_yield.rs:5:16
[INFO] [stdout]    |
[INFO] [stdout] 5  | use runestick::unit::Span;
[INFO] [stdout]    |                ^^^^ private module
[INFO] [stdout]    |
[INFO] [stdout] note: the module `unit` is defined here
[INFO] [stdout]   --> /opt/rustwide/cargo-home/registry/src/github.com-1ecc6299db9ec823/runestick-0.6.16/src/lib.rs:79:1
[INFO] [stdout]    |
[INFO] [stdout] 79 | mod unit;
[INFO] [stdout]    | ^^^^^^^^^
[INFO] [stdout] 
[INFO] [stdout] 
[INFO] [stdout] error[E0603]: module `unit` is private
[INFO] [stdout]   --> src/ast/lit_bool.rs:5:16
[INFO] [stdout]    |
[INFO] [stdout] 5  | use runestick::unit::Span;
[INFO] [stdout]    |                ^^^^ private module
[INFO] [stdout]    |
[INFO] [stdout] note: the module `unit` is defined here
[INFO] [stdout]   --> /opt/rustwide/cargo-home/registry/src/github.com-1ecc6299db9ec823/runestick-0.6.16/src/lib.rs:79:1
[INFO] [stdout]    |
[INFO] [stdout] 79 | mod unit;
[INFO] [stdout]    | ^^^^^^^^^
[INFO] [stdout] 
[INFO] [stdout] 
[INFO] [stdout] error[E0603]: module `unit` is private
[INFO] [stdout]   --> src/ast/lit_byte.rs:7:16
[INFO] [stdout]    |
[INFO] [stdout] 7  | use runestick::unit::Span;
[INFO] [stdout]    |                ^^^^ private module
[INFO] [stdout]    |
[INFO] [stdout] note: the module `unit` is defined here
[INFO] [stdout]   --> /opt/rustwide/cargo-home/registry/src/github.com-1ecc6299db9ec823/runestick-0.6.16/src/lib.rs:79:1
[INFO] [stdout]    |
[INFO] [stdout] 79 | mod unit;
[INFO] [stdout]    | ^^^^^^^^^
[INFO] [stdout] 
[INFO] [stdout] 
[INFO] [stdout] error[E0603]: module `unit` is private
[INFO] [stdout]   --> src/ast/lit_byte_str.rs:7:16
[INFO] [stdout]    |
[INFO] [stdout] 7  | use runestick::unit::Span;
[INFO] [stdout]    |                ^^^^ private module
[INFO] [stdout]    |
[INFO] [stdout] note: the module `unit` is defined here
[INFO] [stdout]   --> /opt/rustwide/cargo-home/registry/src/github.com-1ecc6299db9ec823/runestick-0.6.16/src/lib.rs:79:1
[INFO] [stdout]    |
[INFO] [stdout] 79 | mod unit;
[INFO] [stdout]    | ^^^^^^^^^
[INFO] [stdout] 
[INFO] [stdout] 
[INFO] [stdout] error[E0603]: module `unit` is private
[INFO] [stdout]   --> src/ast/lit_char.rs:7:16
[INFO] [stdout]    |
[INFO] [stdout] 7  | use runestick::unit::Span;
[INFO] [stdout]    |                ^^^^ private module
[INFO] [stdout]    |
[INFO] [stdout] note: the module `unit` is defined here
[INFO] [stdout]   --> /opt/rustwide/cargo-home/registry/src/github.com-1ecc6299db9ec823/runestick-0.6.16/src/lib.rs:79:1
[INFO] [stdout]    |
[INFO] [stdout] 79 | mod unit;
[INFO] [stdout]    | ^^^^^^^^^
[INFO] [stdout] 
[INFO] [stdout] 
[INFO] [stdout] error[E0603]: module `unit` is private
[INFO] [stdout]   --> src/ast/lit_number.rs:6:16
[INFO] [stdout]    |
[INFO] [stdout] 6  | use runestick::unit::Span;
[INFO] [stdout]    |                ^^^^ private module
[INFO] [stdout]    |
[INFO] [stdout] note: the module `unit` is defined here
[INFO] [stdout]   --> /opt/rustwide/cargo-home/registry/src/github.com-1ecc6299db9ec823/runestick-0.6.16/src/lib.rs:79:1
[INFO] [stdout]    |
[INFO] [stdout] 79 | mod unit;
[INFO] [stdout]    | ^^^^^^^^^
[INFO] [stdout] 
[INFO] [stdout] 
[INFO] [stdout] error[E0603]: module `unit` is private
[INFO] [stdout]   --> src/ast/lit_object.rs:7:16
[INFO] [stdout]    |
[INFO] [stdout] 7  | use runestick::unit::Span;
[INFO] [stdout]    |                ^^^^ private module
[INFO] [stdout]    |
[INFO] [stdout] note: the module `unit` is defined here
[INFO] [stdout]   --> /opt/rustwide/cargo-home/registry/src/github.com-1ecc6299db9ec823/runestick-0.6.16/src/lib.rs:79:1
[INFO] [stdout]    |
[INFO] [stdout] 79 | mod unit;
[INFO] [stdout]    | ^^^^^^^^^
[INFO] [stdout] 
[INFO] [stdout] 
[INFO] [stdout] error[E0603]: module `unit` is private
[INFO] [stdout]   --> src/ast/lit_str.rs:7:16
[INFO] [stdout]    |
[INFO] [stdout] 7  | use runestick::unit::Span;
[INFO] [stdout]    |                ^^^^ private module
[INFO] [stdout]    |
[INFO] [stdout] note: the module `unit` is defined here
[INFO] [stdout]   --> /opt/rustwide/cargo-home/registry/src/github.com-1ecc6299db9ec823/runestick-0.6.16/src/lib.rs:79:1
[INFO] [stdout]    |
[INFO] [stdout] 79 | mod unit;
[INFO] [stdout]    | ^^^^^^^^^
[INFO] [stdout] 
[INFO] [stdout] 
[INFO] [stdout] error[E0603]: module `unit` is private
[INFO] [stdout]   --> src/ast/lit_template.rs:8:16
[INFO] [stdout]    |
[INFO] [stdout] 8  | use runestick::unit::Span;
[INFO] [stdout]    |                ^^^^ private module
[INFO] [stdout]    |
[INFO] [stdout] note: the module `unit` is defined here
[INFO] [stdout]   --> /opt/rustwide/cargo-home/registry/src/github.com-1ecc6299db9ec823/runestick-0.6.16/src/lib.rs:79:1
[INFO] [stdout]    |
[INFO] [stdout] 79 | mod unit;
[INFO] [stdout]    | ^^^^^^^^^
[INFO] [stdout] 
[INFO] [stdout] 
[INFO] [stdout] error[E0603]: module `unit` is private
[INFO] [stdout]   --> src/ast/lit_tuple.rs:5:16
[INFO] [stdout]    |
[INFO] [stdout] 5  | use runestick::unit::Span;
[INFO] [stdout]    |                ^^^^ private module
[INFO] [stdout]    |
[INFO] [stdout] note: the module `unit` is defined here
[INFO] [stdout]   --> /opt/rustwide/cargo-home/registry/src/github.com-1ecc6299db9ec823/runestick-0.6.16/src/lib.rs:79:1
[INFO] [stdout]    |
[INFO] [stdout] 79 | mod unit;
[INFO] [stdout]    | ^^^^^^^^^
[INFO] [stdout] 
[INFO] [stdout] 
[INFO] [stdout] error[E0603]: module `unit` is private
[INFO] [stdout]   --> src/ast/lit_unit.rs:6:16
[INFO] [stdout]    |
[INFO] [stdout] 6  | use runestick::unit::Span;
[INFO] [stdout]    |                ^^^^ private module
[INFO] [stdout]    |
[INFO] [stdout] note: the module `unit` is defined here
[INFO] [stdout]   --> /opt/rustwide/cargo-home/registry/src/github.com-1ecc6299db9ec823/runestick-0.6.16/src/lib.rs:79:1
[INFO] [stdout]    |
[INFO] [stdout] 79 | mod unit;
[INFO] [stdout]    | ^^^^^^^^^
[INFO] [stdout] 
[INFO] [stdout] 
[INFO] [stdout] error[E0603]: module `unit` is private
[INFO] [stdout]   --> src/ast/lit_vec.rs:5:16
[INFO] [stdout]    |
[INFO] [stdout] 5  | use runestick::unit::Span;
[INFO] [stdout]    |                ^^^^ private module
[INFO] [stdout]    |
[INFO] [stdout] note: the module `unit` is defined here
[INFO] [stdout]   --> /opt/rustwide/cargo-home/registry/src/github.com-1ecc6299db9ec823/runestick-0.6.16/src/lib.rs:79:1
[INFO] [stdout]    |
[INFO] [stdout] 79 | mod unit;
[INFO] [stdout]    | ^^^^^^^^^
[INFO] [stdout] 
[INFO] [stdout] 
[INFO] [stdout] error[E0603]: module `unit` is private
[INFO] [stdout]   --> src/ast/parenthesized.rs:5:16
[INFO] [stdout]    |
[INFO] [stdout] 5  | use runestick::unit::Span;
[INFO] [stdout]    |                ^^^^ private module
[INFO] [stdout]    |
[INFO] [stdout] note: the module `unit` is defined here
[INFO] [stdout]   --> /opt/rustwide/cargo-home/registry/src/github.com-1ecc6299db9ec823/runestick-0.6.16/src/lib.rs:79:1
[INFO] [stdout]    |
[INFO] [stdout] 79 | mod unit;
[INFO] [stdout]    | ^^^^^^^^^
[INFO] [stdout] 
[INFO] [stdout] 
[INFO] [stdout] error[E0603]: module `unit` is private
[INFO] [stdout]   --> src/ast/pat.rs:6:16
[INFO] [stdout]    |
[INFO] [stdout] 6  | use runestick::unit::Span;
[INFO] [stdout]    |                ^^^^ private module
[INFO] [stdout]    |
[INFO] [stdout] note: the module `unit` is defined here
[INFO] [stdout]   --> /opt/rustwide/cargo-home/registry/src/github.com-1ecc6299db9ec823/runestick-0.6.16/src/lib.rs:79:1
[INFO] [stdout]    |
[INFO] [stdout] 79 | mod unit;
[INFO] [stdout]    | ^^^^^^^^^
[INFO] [stdout] 
[INFO] [stdout] 
[INFO] [stdout] error[E0603]: module `unit` is private
[INFO] [stdout]   --> src/ast/pat_object.rs:5:16
[INFO] [stdout]    |
[INFO] [stdout] 5  | use runestick::unit::Span;
[INFO] [stdout]    |                ^^^^ private module
[INFO] [stdout]    |
[INFO] [stdout] note: the module `unit` is defined here
[INFO] [stdout]   --> /opt/rustwide/cargo-home/registry/src/github.com-1ecc6299db9ec823/runestick-0.6.16/src/lib.rs:79:1
[INFO] [stdout]    |
[INFO] [stdout] 79 | mod unit;
[INFO] [stdout]    | ^^^^^^^^^
[INFO] [stdout] 
[INFO] [stdout] 
[INFO] [stdout] error[E0603]: module `unit` is private
[INFO] [stdout]   --> src/ast/pat_path.rs:2:16
[INFO] [stdout]    |
[INFO] [stdout] 2  | use runestick::unit::Span;
[INFO] [stdout]    |                ^^^^ private module
[INFO] [stdout]    |
[INFO] [stdout] note: the module `unit` is defined here
[INFO] [stdout]   --> /opt/rustwide/cargo-home/registry/src/github.com-1ecc6299db9ec823/runestick-0.6.16/src/lib.rs:79:1
[INFO] [stdout]    |
[INFO] [stdout] 79 | mod unit;
[INFO] [stdout]    | ^^^^^^^^^
[INFO] [stdout] 
[INFO] [stdout] 
[INFO] [stdout] error[E0603]: module `unit` is private
[INFO] [stdout]   --> src/ast/pat_tuple.rs:5:16
[INFO] [stdout]    |
[INFO] [stdout] 5  | use runestick::unit::Span;
[INFO] [stdout]    |                ^^^^ private module
[INFO] [stdout]    |
[INFO] [stdout] note: the module `unit` is defined here
[INFO] [stdout]   --> /opt/rustwide/cargo-home/registry/src/github.com-1ecc6299db9ec823/runestick-0.6.16/src/lib.rs:79:1
[INFO] [stdout]    |
[INFO] [stdout] 79 | mod unit;
[INFO] [stdout]    | ^^^^^^^^^
[INFO] [stdout] 
[INFO] [stdout] 
[INFO] [stdout] error[E0603]: module `unit` is private
[INFO] [stdout]   --> src/ast/pat_vec.rs:5:16
[INFO] [stdout]    |
[INFO] [stdout] 5  | use runestick::unit::Span;
[INFO] [stdout]    |                ^^^^ private module
[INFO] [stdout]    |
[INFO] [stdout] note: the module `unit` is defined here
[INFO] [stdout]   --> /opt/rustwide/cargo-home/registry/src/github.com-1ecc6299db9ec823/runestick-0.6.16/src/lib.rs:79:1
[INFO] [stdout]    |
[INFO] [stdout] 79 | mod unit;
[INFO] [stdout]    | ^^^^^^^^^
[INFO] [stdout] 
[INFO] [stdout] 
[INFO] [stdout] error[E0603]: module `unit` is private
[INFO] [stdout]   --> src/ast/utils.rs:3:16
[INFO] [stdout]    |
[INFO] [stdout] 3  | use runestick::unit::Span;
[INFO] [stdout]    |                ^^^^ private module
[INFO] [stdout]    |
[INFO] [stdout] note: the module `unit` is defined here
[INFO] [stdout]   --> /opt/rustwide/cargo-home/registry/src/github.com-1ecc6299db9ec823/runestick-0.6.16/src/lib.rs:79:1
[INFO] [stdout]    |
[INFO] [stdout] 79 | mod unit;
[INFO] [stdout]    | ^^^^^^^^^
[INFO] [stdout] 
[INFO] [stdout] 
[INFO] [stdout] error[E0603]: module `unit` is private
[INFO] [stdout]   --> src/compiler.rs:7:16
[INFO] [stdout]    |
[INFO] [stdout] 7  | use runestick::unit::{Assembly, Label};
[INFO] [stdout]    |                ^^^^ private module
[INFO] [stdout]    |
[INFO] [stdout] note: the module `unit` is defined here
[INFO] [stdout]   --> /opt/rustwide/cargo-home/registry/src/github.com-1ecc6299db9ec823/runestick-0.6.16/src/lib.rs:79:1
[INFO] [stdout]    |
[INFO] [stdout] 79 | mod unit;
[INFO] [stdout]    | ^^^^^^^^^
[INFO] [stdout] 
[INFO] [stdout] 
[INFO] [stdout] error[E0603]: module `unit` is private
[INFO] [stdout]   --> src/index.rs:9:16
[INFO] [stdout]    |
[INFO] [stdout] 9  | use runestick::unit::UnitFnCall;
[INFO] [stdout]    |                ^^^^ private module
[INFO] [stdout]    |
[INFO] [stdout] note: the module `unit` is defined here
[INFO] [stdout]   --> /opt/rustwide/cargo-home/registry/src/github.com-1ecc6299db9ec823/runestick-0.6.16/src/lib.rs:79:1
[INFO] [stdout]    |
[INFO] [stdout] 79 | mod unit;
[INFO] [stdout]    | ^^^^^^^^^
[INFO] [stdout] 
[INFO] [stdout] 
[INFO] [stdout] error[E0603]: module `unit` is private
[INFO] [stdout]   --> src/lexer.rs:4:16
[INFO] [stdout]    |
[INFO] [stdout] 4  | use runestick::unit::Span;
[INFO] [stdout]    |                ^^^^ private module
[INFO] [stdout]    |
[INFO] [stdout] note: the module `unit` is defined here
[INFO] [stdout]   --> /opt/rustwide/cargo-home/registry/src/github.com-1ecc6299db9ec823/runestick-0.6.16/src/lib.rs:79:1
[INFO] [stdout]    |
[INFO] [stdout] 79 | mod unit;
[INFO] [stdout]    | ^^^^^^^^^
[INFO] [stdout] 
[INFO] [stdout] 
[INFO] [stdout] error[E0603]: module `unit` is private
[INFO] [stdout]   --> src/loops.rs:5:16
[INFO] [stdout]    |
[INFO] [stdout] 5  | use runestick::unit::Label;
[INFO] [stdout]    |                ^^^^ private module
[INFO] [stdout]    |
[INFO] [stdout] note: the module `unit` is defined here
[INFO] [stdout]   --> /opt/rustwide/cargo-home/registry/src/github.com-1ecc6299db9ec823/runestick-0.6.16/src/lib.rs:79:1
[INFO] [stdout]    |
[INFO] [stdout] 79 | mod unit;
[INFO] [stdout]    | ^^^^^^^^^
[INFO] [stdout] 
[INFO] [stdout] 
[INFO] [stdout] error[E0603]: module `unit` is private
[INFO] [stdout]   --> src/query.rs:9:5
[INFO] [stdout]    |
[INFO] [stdout] 9  |     unit::UnitFnCall, Hash, Item, Meta, MetaClosureCapture, MetaStruct, MetaTuple, Span, Unit,
[INFO] [stdout]    |     ^^^^ private module
[INFO] [stdout]    |
[INFO] [stdout] note: the module `unit` is defined here
[INFO] [stdout]   --> /opt/rustwide/cargo-home/registry/src/github.com-1ecc6299db9ec823/runestick-0.6.16/src/lib.rs:79:1
[INFO] [stdout]    |
[INFO] [stdout] 79 | mod unit;
[INFO] [stdout]    | ^^^^^^^^^
[INFO] [stdout] 
[INFO] [stdout] 
[INFO] [stdout] error[E0603]: module `unit` is private
[INFO] [stdout]   --> src/runtime.rs:4:16
[INFO] [stdout]    |
[INFO] [stdout] 4  | use runestick::unit::{LinkerError, LinkerErrors, Span};
[INFO] [stdout]    |                ^^^^ private module
[INFO] [stdout]    |
[INFO] [stdout] note: the module `unit` is defined here
[INFO] [stdout]   --> /opt/rustwide/cargo-home/registry/src/github.com-1ecc6299db9ec823/runestick-0.6.16/src/lib.rs:79:1
[INFO] [stdout]    |
[INFO] [stdout] 79 | mod unit;
[INFO] [stdout]    | ^^^^^^^^^
[INFO] [stdout] 
[INFO] [stdout] 
[INFO] [stdout] error[E0603]: module `unit` is private
[INFO] [stdout]   --> src/scopes.rs:3:16
[INFO] [stdout]    |
[INFO] [stdout] 3  | use runestick::unit::Assembly;
[INFO] [stdout]    |                ^^^^ private module
[INFO] [stdout]    |
[INFO] [stdout] note: the module `unit` is defined here
[INFO] [stdout]   --> /opt/rustwide/cargo-home/registry/src/github.com-1ecc6299db9ec823/runestick-0.6.16/src/lib.rs:79:1
[INFO] [stdout]    |
[INFO] [stdout] 79 | mod unit;
[INFO] [stdout]    | ^^^^^^^^^
[INFO] [stdout] 
[INFO] [stdout] 
[INFO] [stdout] error[E0603]: module `unit` is private
[INFO] [stdout]   --> src/source.rs:2:16
[INFO] [stdout]    |
[INFO] [stdout] 2  | use runestick::unit::Span;
[INFO] [stdout]    |                ^^^^ private module
[INFO] [stdout]    |
[INFO] [stdout] note: the module `unit` is defined here
[INFO] [stdout]   --> /opt/rustwide/cargo-home/registry/src/github.com-1ecc6299db9ec823/runestick-0.6.16/src/lib.rs:79:1
[INFO] [stdout]    |
[INFO] [stdout] 79 | mod unit;
[INFO] [stdout]    | ^^^^^^^^^
[INFO] [stdout] 
[INFO] [stdout] 
[INFO] [stdout] error[E0603]: module `unit` is private
[INFO] [stdout]   --> src/token.rs:1:16
[INFO] [stdout]    |
[INFO] [stdout] 1  | use runestick::unit::Span;
[INFO] [stdout]    |                ^^^^ private module
[INFO] [stdout]    |
[INFO] [stdout] note: the module `unit` is defined here
[INFO] [stdout]   --> /opt/rustwide/cargo-home/registry/src/github.com-1ecc6299db9ec823/runestick-0.6.16/src/lib.rs:79:1
[INFO] [stdout]    |
[INFO] [stdout] 79 | mod unit;
[INFO] [stdout]    | ^^^^^^^^^
[INFO] [stdout] 
[INFO] [stdout] 
[INFO] [stdout] error[E0603]: module `unit` is private
[INFO] [stdout]    --> src/lib.rs:108:20
[INFO] [stdout]     |
[INFO] [stdout] 108 | pub use runestick::unit::Span;
[INFO] [stdout]     |                    ^^^^ private module
[INFO] [stdout]     |
[INFO] [stdout] note: the module `unit` is defined here
[INFO] [stdout]    --> /opt/rustwide/cargo-home/registry/src/github.com-1ecc6299db9ec823/runestick-0.6.16/src/lib.rs:79:1
[INFO] [stdout]     |
[INFO] [stdout] 79  | mod unit;
[INFO] [stdout]     | ^^^^^^^^^
[INFO] [stdout] 
[INFO] [stdout] 
[INFO] [stdout] error[E0432]: unresolved import `runestick::unit::UnitFnCall`
[INFO] [stdout]  --> src/index.rs:9:5
[INFO] [stdout]   |
[INFO] [stdout] 9 | use runestick::unit::UnitFnCall;
[INFO] [stdout]   |     ^^^^^^^^^^^^^^^^^^^^^^^^^^^ no `UnitFnCall` in `unit`
[INFO] [stdout] 
[INFO] [stdout] 
[INFO] [stdout] error[E0432]: unresolved import `runestick::unit::UnitFnCall`
[INFO] [stdout]  --> src/query.rs:9:5
[INFO] [stdout]   |
[INFO] [stdout] 9 |     unit::UnitFnCall, Hash, Item, Meta, MetaClosureCapture, MetaStruct, MetaTuple, Span, Unit,
[INFO] [stdout]   |     ^^^^^^^^^^^^^^^^ no `UnitFnCall` in `unit`
[INFO] [stdout] 
[INFO] [stdout] 
[INFO] [stdout] error[E0603]: module `unit` is private
[INFO] [stdout]   --> src/ast/mod.rs:8:16
[INFO] [stdout]    |
[INFO] [stdout] 8  | use runestick::unit::Span;
[INFO] [stdout]    |                ^^^^ private module
[INFO] [stdout]    |
[INFO] [stdout] note: the module `unit` is defined here
[INFO] [stdout]   --> /opt/rustwide/cargo-home/registry/src/github.com-1ecc6299db9ec823/runestick-0.6.16/src/lib.rs:79:1
[INFO] [stdout]    |
[INFO] [stdout] 79 | mod unit;
[INFO] [stdout]    | ^^^^^^^^^
[INFO] [stdout] 
[INFO] [stdout] 
[INFO] [stdout] error[E0603]: module `unit` is private
[INFO] [stdout]   --> src/ast/condition.rs:6:16
[INFO] [stdout]    |
[INFO] [stdout] 6  | use runestick::unit::Span;
[INFO] [stdout]    |                ^^^^ private module
[INFO] [stdout]    |
[INFO] [stdout] note: the module `unit` is defined here
[INFO] [stdout]   --> /opt/rustwide/cargo-home/registry/src/github.com-1ecc6299db9ec823/runestick-0.6.16/src/lib.rs:79:1
[INFO] [stdout]    |
[INFO] [stdout] 79 | mod unit;
[INFO] [stdout]    | ^^^^^^^^^
[INFO] [stdout] 
[INFO] [stdout] 
[INFO] [stdout] error[E0603]: module `unit` is private
[INFO] [stdout]   --> src/ast/decl_enum.rs:5:16
[INFO] [stdout]    |
[INFO] [stdout] 5  | use runestick::unit::Span;
[INFO] [stdout]    |                ^^^^ private module
[INFO] [stdout]    |
[INFO] [stdout] note: the module `unit` is defined here
[INFO] [stdout]   --> /opt/rustwide/cargo-home/registry/src/github.com-1ecc6299db9ec823/runestick-0.6.16/src/lib.rs:79:1
[INFO] [stdout]    |
[INFO] [stdout] 79 | mod unit;
[INFO] [stdout]    | ^^^^^^^^^
[INFO] [stdout] 
[INFO] [stdout] 
[INFO] [stdout] error[E0603]: module `unit` is private
[INFO] [stdout]   --> src/ast/decl_fn.rs:6:16
[INFO] [stdout]    |
[INFO] [stdout] 6  | use runestick::unit::Span;
[INFO] [stdout]    |                ^^^^ private module
[INFO] [stdout]    |
[INFO] [stdout] note: the module `unit` is defined here
[INFO] [stdout]   --> /opt/rustwide/cargo-home/registry/src/github.com-1ecc6299db9ec823/runestick-0.6.16/src/lib.rs:79:1
[INFO] [stdout]    |
[INFO] [stdout] 79 | mod unit;
[INFO] [stdout]    | ^^^^^^^^^
[INFO] [stdout] 
[INFO] [stdout] 
[INFO] [stdout] error[E0603]: module `unit` is private
[INFO] [stdout]   --> src/ast/expr.rs:6:16
[INFO] [stdout]    |
[INFO] [stdout] 6  | use runestick::unit::Span;
[INFO] [stdout]    |                ^^^^ private module
[INFO] [stdout]    |
[INFO] [stdout] note: the module `unit` is defined here
[INFO] [stdout]   --> /opt/rustwide/cargo-home/registry/src/github.com-1ecc6299db9ec823/runestick-0.6.16/src/lib.rs:79:1
[INFO] [stdout]    |
[INFO] [stdout] 79 | mod unit;
[INFO] [stdout]    | ^^^^^^^^^
[INFO] [stdout] 
[INFO] [stdout] 
[INFO] [stdout] error[E0603]: module `unit` is private
[INFO] [stdout]   --> src/ast/expr_await.rs:5:16
[INFO] [stdout]    |
[INFO] [stdout] 5  | use runestick::unit::Span;
[INFO] [stdout]    |                ^^^^ private module
[INFO] [stdout]    |
[INFO] [stdout] note: the module `unit` is defined here
[INFO] [stdout]   --> /opt/rustwide/cargo-home/registry/src/github.com-1ecc6299db9ec823/runestick-0.6.16/src/lib.rs:79:1
[INFO] [stdout]    |
[INFO] [stdout] 79 | mod unit;
[INFO] [stdout]    | ^^^^^^^^^
[INFO] [stdout] 
[INFO] [stdout] 
[INFO] [stdout] error[E0603]: module `unit` is private
[INFO] [stdout]   --> src/ast/expr_binary.rs:4:16
[INFO] [stdout]    |
[INFO] [stdout] 4  | use runestick::unit::Span;
[INFO] [stdout]    |                ^^^^ private module
[INFO] [stdout]    |
[INFO] [stdout] note: the module `unit` is defined here
[INFO] [stdout]   --> /opt/rustwide/cargo-home/registry/src/github.com-1ecc6299db9ec823/runestick-0.6.16/src/lib.rs:79:1
[INFO] [stdout]    |
[INFO] [stdout] 79 | mod unit;
[INFO] [stdout]    | ^^^^^^^^^
[INFO] [stdout] 
[INFO] [stdout] 
[INFO] [stdout] error[E0603]: module `unit` is private
[INFO] [stdout]   --> src/ast/expr_block.rs:5:16
[INFO] [stdout]    |
[INFO] [stdout] 5  | use runestick::unit::Span;
[INFO] [stdout]    |                ^^^^ private module
[INFO] [stdout]    |
[INFO] [stdout] note: the module `unit` is defined here
[INFO] [stdout]   --> /opt/rustwide/cargo-home/registry/src/github.com-1ecc6299db9ec823/runestick-0.6.16/src/lib.rs:79:1
[INFO] [stdout]    |
[INFO] [stdout] 79 | mod unit;
[INFO] [stdout]    | ^^^^^^^^^
[INFO] [stdout] 
[INFO] [stdout] 
[INFO] [stdout] error[E0603]: module `unit` is private
[INFO] [stdout]   --> src/ast/expr_break.rs:6:16
[INFO] [stdout]    |
[INFO] [stdout] 6  | use runestick::unit::Span;
[INFO] [stdout]    |                ^^^^ private module
[INFO] [stdout]    |
[INFO] [stdout] note: the module `unit` is defined here
[INFO] [stdout]   --> /opt/rustwide/cargo-home/registry/src/github.com-1ecc6299db9ec823/runestick-0.6.16/src/lib.rs:79:1
[INFO] [stdout]    |
[INFO] [stdout] 79 | mod unit;
[INFO] [stdout]    | ^^^^^^^^^
[INFO] [stdout] 
[INFO] [stdout] 
[INFO] [stdout] error[E0603]: module `unit` is private
[INFO] [stdout]   --> src/ast/expr_call.rs:2:16
[INFO] [stdout]    |
[INFO] [stdout] 2  | use runestick::unit::Span;
[INFO] [stdout]    |                ^^^^ private module
[INFO] [stdout]    |
[INFO] [stdout] note: the module `unit` is defined here
[INFO] [stdout]   --> /opt/rustwide/cargo-home/registry/src/github.com-1ecc6299db9ec823/runestick-0.6.16/src/lib.rs:79:1
[INFO] [stdout]    |
[INFO] [stdout] 79 | mod unit;
[INFO] [stdout]    | ^^^^^^^^^
[INFO] [stdout] 
[INFO] [stdout] 
[INFO] [stdout] error[E0603]: module `unit` is private
[INFO] [stdout]   --> src/ast/expr_closure.rs:5:16
[INFO] [stdout]    |
[INFO] [stdout] 5  | use runestick::unit::Span;
[INFO] [stdout]    |                ^^^^ private module
[INFO] [stdout]    |
[INFO] [stdout] note: the module `unit` is defined here
[INFO] [stdout]   --> /opt/rustwide/cargo-home/registry/src/github.com-1ecc6299db9ec823/runestick-0.6.16/src/lib.rs:79:1
[INFO] [stdout]    |
[INFO] [stdout] 79 | mod unit;
[INFO] [stdout]    | ^^^^^^^^^
[INFO] [stdout] 
[INFO] [stdout] 
[INFO] [stdout] error[E0603]: module `unit` is private
[INFO] [stdout]   --> src/ast/expr_else.rs:5:16
[INFO] [stdout]    |
[INFO] [stdout] 5  | use runestick::unit::Span;
[INFO] [stdout]    |                ^^^^ private module
[INFO] [stdout]    |
[INFO] [stdout] note: the module `unit` is defined here
[INFO] [stdout]   --> /opt/rustwide/cargo-home/registry/src/github.com-1ecc6299db9ec823/runestick-0.6.16/src/lib.rs:79:1
[INFO] [stdout]    |
[INFO] [stdout] 79 | mod unit;
[INFO] [stdout]    | ^^^^^^^^^
[INFO] [stdout] 
[INFO] [stdout] 
[INFO] [stdout] error[E0603]: module `unit` is private
[INFO] [stdout]   --> src/ast/expr_else_if.rs:5:16
[INFO] [stdout]    |
[INFO] [stdout] 5  | use runestick::unit::Span;
[INFO] [stdout]    |                ^^^^ private module
[INFO] [stdout]    |
[INFO] [stdout] note: the module `unit` is defined here
[INFO] [stdout]   --> /opt/rustwide/cargo-home/registry/src/github.com-1ecc6299db9ec823/runestick-0.6.16/src/lib.rs:79:1
[INFO] [stdout]    |
[INFO] [stdout] 79 | mod unit;
[INFO] [stdout]    | ^^^^^^^^^
[INFO] [stdout] 
[INFO] [stdout] 
[INFO] [stdout] error[E0603]: module `unit` is private
[INFO] [stdout]   --> src/ast/expr_field_access.rs:2:16
[INFO] [stdout]    |
[INFO] [stdout] 2  | use runestick::unit::Span;
[INFO] [stdout]    |                ^^^^ private module
[INFO] [stdout]    |
[INFO] [stdout] note: the module `unit` is defined here
[INFO] [stdout]   --> /opt/rustwide/cargo-home/registry/src/github.com-1ecc6299db9ec823/runestick-0.6.16/src/lib.rs:79:1
[INFO] [stdout]    |
[INFO] [stdout] 79 | mod unit;
[INFO] [stdout]    | ^^^^^^^^^
[INFO] [stdout] 
[INFO] [stdout] 
[INFO] [stdout] error[E0603]: module `unit` is private
[INFO] [stdout]   --> src/ast/expr_for.rs:5:16
[INFO] [stdout]    |
[INFO] [stdout] 5  | use runestick::unit::Span;
[INFO] [stdout]    |                ^^^^ private module
[INFO] [stdout]    |
[INFO] [stdout] note: the module `unit` is defined here
[INFO] [stdout]   --> /opt/rustwide/cargo-home/registry/src/github.com-1ecc6299db9ec823/runestick-0.6.16/src/lib.rs:79:1
[INFO] [stdout]    |
[INFO] [stdout] 79 | mod unit;
[INFO] [stdout]    | ^^^^^^^^^
[INFO] [stdout] 
[INFO] [stdout] 
[INFO] [stdout] error[E0603]: module `unit` is private
[INFO] [stdout]   --> src/ast/expr_group.rs:5:16
[INFO] [stdout]    |
[INFO] [stdout] 5  | use runestick::unit::Span;
[INFO] [stdout]    |                ^^^^ private module
[INFO] [stdout]    |
[INFO] [stdout] note: the module `unit` is defined here
[INFO] [stdout]   --> /opt/rustwide/cargo-home/registry/src/github.com-1ecc6299db9ec823/runestick-0.6.16/src/lib.rs:79:1
[INFO] [stdout]    |
[INFO] [stdout] 79 | mod unit;
[INFO] [stdout]    | ^^^^^^^^^
[INFO] [stdout] 
[INFO] [stdout] 
[INFO] [stdout] error[E0603]: module `unit` is private
[INFO] [stdout]   --> src/ast/expr_if.rs:5:16
[INFO] [stdout]    |
[INFO] [stdout] 5  | use runestick::unit::Span;
[INFO] [stdout]    |                ^^^^ private module
[INFO] [stdout]    |
[INFO] [stdout] note: the module `unit` is defined here
[INFO] [stdout]   --> /opt/rustwide/cargo-home/registry/src/github.com-1ecc6299db9ec823/runestick-0.6.16/src/lib.rs:79:1
[INFO] [stdout]    |
[INFO] [stdout] 79 | mod unit;
[INFO] [stdout]    | ^^^^^^^^^
[INFO] [stdout] 
[INFO] [stdout] 
[INFO] [stdout] error[E0603]: module `unit` is private
[INFO] [stdout]   --> src/ast/expr_index_get.rs:2:16
[INFO] [stdout]    |
[INFO] [stdout] 2  | use runestick::unit::Span;
[INFO] [stdout]    |                ^^^^ private module
[INFO] [stdout]    |
[INFO] [stdout] note: the module `unit` is defined here
[INFO] [stdout]   --> /opt/rustwide/cargo-home/registry/src/github.com-1ecc6299db9ec823/runestick-0.6.16/src/lib.rs:79:1
[INFO] [stdout]    |
[INFO] [stdout] 79 | mod unit;
[INFO] [stdout]    | ^^^^^^^^^
[INFO] [stdout] 
[INFO] [stdout] 
[INFO] [stdout] error[E0603]: module `unit` is private
[INFO] [stdout]   --> src/ast/expr_index_set.rs:2:16
[INFO] [stdout]    |
[INFO] [stdout] 2  | use runestick::unit::Span;
[INFO] [stdout]    |                ^^^^ private module
[INFO] [stdout]    |
[INFO] [stdout] note: the module `unit` is defined here
[INFO] [stdout]   --> /opt/rustwide/cargo-home/registry/src/github.com-1ecc6299db9ec823/runestick-0.6.16/src/lib.rs:79:1
[INFO] [stdout]    |
[INFO] [stdout] 79 | mod unit;
[INFO] [stdout]    | ^^^^^^^^^
[INFO] [stdout] 
[INFO] [stdout] 
[INFO] [stdout] error[E0603]: module `unit` is private
[INFO] [stdout]   --> src/ast/expr_is.rs:5:16
[INFO] [stdout]    |
[INFO] [stdout] 5  | use runestick::unit::Span;
[INFO] [stdout]    |                ^^^^ private module
[INFO] [stdout]    |
[INFO] [stdout] note: the module `unit` is defined here
[INFO] [stdout]   --> /opt/rustwide/cargo-home/registry/src/github.com-1ecc6299db9ec823/runestick-0.6.16/src/lib.rs:79:1
[INFO] [stdout]    |
[INFO] [stdout] 79 | mod unit;
[INFO] [stdout]    | ^^^^^^^^^
[INFO] [stdout] 
[INFO] [stdout] 
[INFO] [stdout] error[E0603]: module `unit` is private
[INFO] [stdout]   --> src/ast/expr_is_not.rs:5:16
[INFO] [stdout]    |
[INFO] [stdout] 5  | use runestick::unit::Span;
[INFO] [stdout]    |                ^^^^ private module
[INFO] [stdout]    |
[INFO] [stdout] note: the module `unit` is defined here
[INFO] [stdout]   --> /opt/rustwide/cargo-home/registry/src/github.com-1ecc6299db9ec823/runestick-0.6.16/src/lib.rs:79:1
[INFO] [stdout]    |
[INFO] [stdout] 79 | mod unit;
[INFO] [stdout]    | ^^^^^^^^^
[INFO] [stdout] 
[INFO] [stdout] 
[INFO] [stdout] error[E0603]: module `unit` is private
[INFO] [stdout]   --> src/ast/expr_let.rs:5:16
[INFO] [stdout]    |
[INFO] [stdout] 5  | use runestick::unit::Span;
[INFO] [stdout]    |                ^^^^ private module
[INFO] [stdout]    |
[INFO] [stdout] note: the module `unit` is defined here
[INFO] [stdout]   --> /opt/rustwide/cargo-home/registry/src/github.com-1ecc6299db9ec823/runestick-0.6.16/src/lib.rs:79:1
[INFO] [stdout]    |
[INFO] [stdout] 79 | mod unit;
[INFO] [stdout]    | ^^^^^^^^^
[INFO] [stdout] 
[INFO] [stdout] 
[INFO] [stdout] error[E0603]: module `unit` is private
[INFO] [stdout]   --> src/ast/expr_loop.rs:5:16
[INFO] [stdout]    |
[INFO] [stdout] 5  | use runestick::unit::Span;
[INFO] [stdout]    |                ^^^^ private module
[INFO] [stdout]    |
[INFO] [stdout] note: the module `unit` is defined here
[INFO] [stdout]   --> /opt/rustwide/cargo-home/registry/src/github.com-1ecc6299db9ec823/runestick-0.6.16/src/lib.rs:79:1
[INFO] [stdout]    |
[INFO] [stdout] 79 | mod unit;
[INFO] [stdout]    | ^^^^^^^^^
[INFO] [stdout] 
[INFO] [stdout] 
[INFO] [stdout] error[E0603]: module `unit` is private
[INFO] [stdout]   --> src/ast/expr_match.rs:6:16
[INFO] [stdout]    |
[INFO] [stdout] 6  | use runestick::unit::Span;
[INFO] [stdout]    |                ^^^^ private module
[INFO] [stdout]    |
[INFO] [stdout] note: the module `unit` is defined here
[INFO] [stdout]   --> /opt/rustwide/cargo-home/registry/src/github.com-1ecc6299db9ec823/runestick-0.6.16/src/lib.rs:79:1
[INFO] [stdout]    |
[INFO] [stdout] 79 | mod unit;
[INFO] [stdout]    | ^^^^^^^^^
[INFO] [stdout] 
[INFO] [stdout] 
[INFO] [stdout] error[E0603]: module `unit` is private
[INFO] [stdout]   --> src/ast/expr_return.rs:5:16
[INFO] [stdout]    |
[INFO] [stdout] 5  | use runestick::unit::Span;
[INFO] [stdout]    |                ^^^^ private module
[INFO] [stdout]    |
[INFO] [stdout] note: the module `unit` is defined here
[INFO] [stdout]   --> /opt/rustwide/cargo-home/registry/src/github.com-1ecc6299db9ec823/runestick-0.6.16/src/lib.rs:79:1
[INFO] [stdout]    |
[INFO] [stdout] 79 | mod unit;
[INFO] [stdout]    | ^^^^^^^^^
[INFO] [stdout] 
[INFO] [stdout] 
[INFO] [stdout] error[E0603]: module `unit` is private
[INFO] [stdout]   --> src/ast/expr_select.rs:6:16
[INFO] [stdout]    |
[INFO] [stdout] 6  | use runestick::unit::Span;
[INFO] [stdout]    |                ^^^^ private module
[INFO] [stdout]    |
[INFO] [stdout] note: the module `unit` is defined here
[INFO] [stdout]   --> /opt/rustwide/cargo-home/registry/src/github.com-1ecc6299db9ec823/runestick-0.6.16/src/lib.rs:79:1
[INFO] [stdout]    |
[INFO] [stdout] 79 | mod unit;
[INFO] [stdout]    | ^^^^^^^^^
[INFO] [stdout] 
[INFO] [stdout] 
[INFO] [stdout] error[E0603]: module `unit` is private
[INFO] [stdout]   --> src/ast/expr_try.rs:2:16
[INFO] [stdout]    |
[INFO] [stdout] 2  | use runestick::unit::Span;
[INFO] [stdout]    |                ^^^^ private module
[INFO] [stdout]    |
[INFO] [stdout] note: the module `unit` is defined here
[INFO] [stdout]   --> /opt/rustwide/cargo-home/registry/src/github.com-1ecc6299db9ec823/runestick-0.6.16/src/lib.rs:79:1
[INFO] [stdout]    |
[INFO] [stdout] 79 | mod unit;
[INFO] [stdout]    | ^^^^^^^^^
[INFO] [stdout] 
[INFO] [stdout] 
[INFO] [stdout] error[E0603]: module `unit` is private
[INFO] [stdout]   --> src/ast/expr_unary.rs:7:16
[INFO] [stdout]    |
[INFO] [stdout] 7  | use runestick::unit::Span;
[INFO] [stdout]    |                ^^^^ private module
[INFO] [stdout]    |
[INFO] [stdout] note: the module `unit` is defined here
[INFO] [stdout]   --> /opt/rustwide/cargo-home/registry/src/github.com-1ecc6299db9ec823/runestick-0.6.16/src/lib.rs:79:1
[INFO] [stdout]    |
[INFO] [stdout] 79 | mod unit;
[INFO] [stdout]    | ^^^^^^^^^
[INFO] [stdout] 
[INFO] [stdout] 
[INFO] [stdout] error[E0603]: module `unit` is private
[INFO] [stdout]   --> src/ast/expr_while.rs:5:16
[INFO] [stdout]    |
[INFO] [stdout] 5  | use runestick::unit::Span;
[INFO] [stdout]    |                ^^^^ private module
[INFO] [stdout]    |
[INFO] [stdout] note: the module `unit` is defined here
[INFO] [stdout]   --> /opt/rustwide/cargo-home/registry/src/github.com-1ecc6299db9ec823/runestick-0.6.16/src/lib.rs:79:1
[INFO] [stdout]    |
[INFO] [stdout] 79 | mod unit;
[INFO] [stdout]    | ^^^^^^^^^
[INFO] [stdout] 
[INFO] [stdout] 
[INFO] [stdout] error[E0603]: module `unit` is private
[INFO] [stdout]   --> src/ast/expr_yield.rs:5:16
[INFO] [stdout]    |
[INFO] [stdout] 5  | use runestick::unit::Span;
[INFO] [stdout]    |                ^^^^ private module
[INFO] [stdout]    |
[INFO] [stdout] note: the module `unit` is defined here
[INFO] [stdout]   --> /opt/rustwide/cargo-home/registry/src/github.com-1ecc6299db9ec823/runestick-0.6.16/src/lib.rs:79:1
[INFO] [stdout]    |
[INFO] [stdout] 79 | mod unit;
[INFO] [stdout]    | ^^^^^^^^^
[INFO] [stdout] 
[INFO] [stdout] 
[INFO] [stdout] error[E0603]: module `unit` is private
[INFO] [stdout]   --> src/ast/lit_bool.rs:5:16
[INFO] [stdout]    |
[INFO] [stdout] 5  | use runestick::unit::Span;
[INFO] [stdout]    |                ^^^^ private module
[INFO] [stdout]    |
[INFO] [stdout] note: the module `unit` is defined here
[INFO] [stdout]   --> /opt/rustwide/cargo-home/registry/src/github.com-1ecc6299db9ec823/runestick-0.6.16/src/lib.rs:79:1
[INFO] [stdout]    |
[INFO] [stdout] 79 | mod unit;
[INFO] [stdout]    | ^^^^^^^^^
[INFO] [stdout] 
[INFO] [stdout] 
[INFO] [stdout] error[E0603]: module `unit` is private
[INFO] [stdout]   --> src/ast/lit_byte.rs:7:16
[INFO] [stdout]    |
[INFO] [stdout] 7  | use runestick::unit::Span;
[INFO] [stdout]    |                ^^^^ private module
[INFO] [stdout]    |
[INFO] [stdout] note: the module `unit` is defined here
[INFO] [stdout]   --> /opt/rustwide/cargo-home/registry/src/github.com-1ecc6299db9ec823/runestick-0.6.16/src/lib.rs:79:1
[INFO] [stdout]    |
[INFO] [stdout] 79 | mod unit;
[INFO] [stdout]    | ^^^^^^^^^
[INFO] [stdout] 
[INFO] [stdout] 
[INFO] [stdout] error[E0603]: module `unit` is private
[INFO] [stdout]   --> src/ast/lit_byte_str.rs:7:16
[INFO] [stdout]    |
[INFO] [stdout] 7  | use runestick::unit::Span;
[INFO] [stdout]    |                ^^^^ private module
[INFO] [stdout]    |
[INFO] [stdout] note: the module `unit` is defined here
[INFO] [stdout]   --> /opt/rustwide/cargo-home/registry/src/github.com-1ecc6299db9ec823/runestick-0.6.16/src/lib.rs:79:1
[INFO] [stdout]    |
[INFO] [stdout] 79 | mod unit;
[INFO] [stdout]    | ^^^^^^^^^
[INFO] [stdout] 
[INFO] [stdout] 
[INFO] [stdout] error[E0603]: module `unit` is private
[INFO] [stdout]   --> src/ast/lit_char.rs:7:16
[INFO] [stdout]    |
[INFO] [stdout] 7  | use runestick::unit::Span;
[INFO] [stdout]    |                ^^^^ private module
[INFO] [stdout]    |
[INFO] [stdout] note: the module `unit` is defined here
[INFO] [stdout]   --> /opt/rustwide/cargo-home/registry/src/github.com-1ecc6299db9ec823/runestick-0.6.16/src/lib.rs:79:1
[INFO] [stdout]    |
[INFO] [stdout] 79 | mod unit;
[INFO] [stdout]    | ^^^^^^^^^
[INFO] [stdout] 
[INFO] [stdout] 
[INFO] [stdout] error[E0603]: module `unit` is private
[INFO] [stdout]   --> src/ast/lit_number.rs:6:16
[INFO] [stdout]    |
[INFO] [stdout] 6  | use runestick::unit::Span;
[INFO] [stdout]    |                ^^^^ private module
[INFO] [stdout]    |
[INFO] [stdout] note: the module `unit` is defined here
[INFO] [stdout]   --> /opt/rustwide/cargo-home/registry/src/github.com-1ecc6299db9ec823/runestick-0.6.16/src/lib.rs:79:1
[INFO] [stdout]    |
[INFO] [stdout] 79 | mod unit;
[INFO] [stdout]    | ^^^^^^^^^
[INFO] [stdout] 
[INFO] [stdout] 
[INFO] [stdout] error[E0603]: module `unit` is private
[INFO] [stdout]   --> src/ast/lit_object.rs:7:16
[INFO] [stdout]    |
[INFO] [stdout] 7  | use runestick::unit::Span;
[INFO] [stdout]    |                ^^^^ private module
[INFO] [stdout]    |
[INFO] [stdout] note: the module `unit` is defined here
[INFO] [stdout]   --> /opt/rustwide/cargo-home/registry/src/github.com-1ecc6299db9ec823/runestick-0.6.16/src/lib.rs:79:1
[INFO] [stdout]    |
[INFO] [stdout] 79 | mod unit;
[INFO] [stdout]    | ^^^^^^^^^
[INFO] [stdout] 
[INFO] [stdout] 
[INFO] [stdout] error[E0603]: module `unit` is private
[INFO] [stdout]   --> src/ast/lit_str.rs:7:16
[INFO] [stdout]    |
[INFO] [stdout] 7  | use runestick::unit::Span;
[INFO] [stdout]    |                ^^^^ private module
[INFO] [stdout]    |
[INFO] [stdout] note: the module `unit` is defined here
[INFO] [stdout]   --> /opt/rustwide/cargo-home/registry/src/github.com-1ecc6299db9ec823/runestick-0.6.16/src/lib.rs:79:1
[INFO] [stdout]    |
[INFO] [stdout] 79 | mod unit;
[INFO] [stdout]    | ^^^^^^^^^
[INFO] [stdout] 
[INFO] [stdout] 
[INFO] [stdout] error[E0603]: module `unit` is private
[INFO] [stdout]   --> src/ast/lit_template.rs:8:16
[INFO] [stdout]    |
[INFO] [stdout] 8  | use runestick::unit::Span;
[INFO] [stdout]    |                ^^^^ private module
[INFO] [stdout]    |
[INFO] [stdout] note: the module `unit` is defined here
[INFO] [stdout]   --> /opt/rustwide/cargo-home/registry/src/github.com-1ecc6299db9ec823/runestick-0.6.16/src/lib.rs:79:1
[INFO] [stdout]    |
[INFO] [stdout] 79 | mod unit;
[INFO] [stdout]    | ^^^^^^^^^
[INFO] [stdout] 
[INFO] [stdout] 
[INFO] [stdout] error[E0603]: module `unit` is private
[INFO] [stdout]   --> src/ast/lit_tuple.rs:5:16
[INFO] [stdout]    |
[INFO] [stdout] 5  | use runestick::unit::Span;
[INFO] [stdout]    |                ^^^^ private module
[INFO] [stdout]    |
[INFO] [stdout] note: the module `unit` is defined here
[INFO] [stdout]   --> /opt/rustwide/cargo-home/registry/src/github.com-1ecc6299db9ec823/runestick-0.6.16/src/lib.rs:79:1
[INFO] [stdout]    |
[INFO] [stdout] 79 | mod unit;
[INFO] [stdout]    | ^^^^^^^^^
[INFO] [stdout] 
[INFO] [stdout] 
[INFO] [stdout] error[E0603]: module `unit` is private
[INFO] [stdout]   --> src/ast/lit_unit.rs:6:16
[INFO] [stdout]    |
[INFO] [stdout] 6  | use runestick::unit::Span;
[INFO] [stdout]    |                ^^^^ private module
[INFO] [stdout]    |
[INFO] [stdout] note: the module `unit` is defined here
[INFO] [stdout]   --> /opt/rustwide/cargo-home/registry/src/github.com-1ecc6299db9ec823/runestick-0.6.16/src/lib.rs:79:1
[INFO] [stdout]    |
[INFO] [stdout] 79 | mod unit;
[INFO] [stdout]    | ^^^^^^^^^
[INFO] [stdout] 
[INFO] [stdout] 
[INFO] [stdout] error[E0603]: module `unit` is private
[INFO] [stdout]   --> src/ast/lit_vec.rs:5:16
[INFO] [stdout]    |
[INFO] [stdout] 5  | use runestick::unit::Span;
[INFO] [stdout]    |                ^^^^ private module
[INFO] [stdout]    |
[INFO] [stdout] note: the module `unit` is defined here
[INFO] [stdout]   --> /opt/rustwide/cargo-home/registry/src/github.com-1ecc6299db9ec823/runestick-0.6.16/src/lib.rs:79:1
[INFO] [stdout]    |
[INFO] [stdout] 79 | mod unit;
[INFO] [stdout]    | ^^^^^^^^^
[INFO] [stdout] 
[INFO] [stdout] 
[INFO] [stdout] error[E0603]: module `unit` is private
[INFO] [stdout]   --> src/ast/parenthesized.rs:5:16
[INFO] [stdout]    |
[INFO] [stdout] 5  | use runestick::unit::Span;
[INFO] [stdout]    |                ^^^^ private module
[INFO] [stdout]    |
[INFO] [stdout] note: the module `unit` is defined here
[INFO] [stdout]   --> /opt/rustwide/cargo-home/registry/src/github.com-1ecc6299db9ec823/runestick-0.6.16/src/lib.rs:79:1
[INFO] [stdout]    |
[INFO] [stdout] 79 | mod unit;
[INFO] [stdout]    | ^^^^^^^^^
[INFO] [stdout] 
[INFO] [stdout] 
[INFO] [stdout] error[E0603]: module `unit` is private
[INFO] [stdout]   --> src/ast/pat.rs:6:16
[INFO] [stdout]    |
[INFO] [stdout] 6  | use runestick::unit::Span;
[INFO] [stdout]    |                ^^^^ private module
[INFO] [stdout]    |
[INFO] [stdout] note: the module `unit` is defined here
[INFO] [stdout]   --> /opt/rustwide/cargo-home/registry/src/github.com-1ecc6299db9ec823/runestick-0.6.16/src/lib.rs:79:1
[INFO] [stdout]    |
[INFO] [stdout] 79 | mod unit;
[INFO] [stdout]    | ^^^^^^^^^
[INFO] [stdout] 
[INFO] [stdout] 
[INFO] [stdout] error[E0603]: module `unit` is private
[INFO] [stdout]   --> src/ast/pat_object.rs:5:16
[INFO] [stdout]    |
[INFO] [stdout] 5  | use runestick::unit::Span;
[INFO] [stdout]    |                ^^^^ private module
[INFO] [stdout]    |
[INFO] [stdout] note: the module `unit` is defined here
[INFO] [stdout]   --> /opt/rustwide/cargo-home/registry/src/github.com-1ecc6299db9ec823/runestick-0.6.16/src/lib.rs:79:1
[INFO] [stdout]    |
[INFO] [stdout] 79 | mod unit;
[INFO] [stdout]    | ^^^^^^^^^
[INFO] [stdout] 
[INFO] [stdout] 
[INFO] [stdout] error[E0603]: module `unit` is private
[INFO] [stdout]   --> src/ast/pat_path.rs:2:16
[INFO] [stdout]    |
[INFO] [stdout] 2  | use runestick::unit::Span;
[INFO] [stdout]    |                ^^^^ private module
[INFO] [stdout]    |
[INFO] [stdout] note: the module `unit` is defined here
[INFO] [stdout]   --> /opt/rustwide/cargo-home/registry/src/github.com-1ecc6299db9ec823/runestick-0.6.16/src/lib.rs:79:1
[INFO] [stdout]    |
[INFO] [stdout] 79 | mod unit;
[INFO] [stdout]    | ^^^^^^^^^
[INFO] [stdout] 
[INFO] [stdout] 
[INFO] [stdout] error[E0603]: module `unit` is private
[INFO] [stdout]   --> src/ast/pat_tuple.rs:5:16
[INFO] [stdout]    |
[INFO] [stdout] 5  | use runestick::unit::Span;
[INFO] [stdout]    |                ^^^^ private module
[INFO] [stdout]    |
[INFO] [stdout] note: the module `unit` is defined here
[INFO] [stdout]   --> /opt/rustwide/cargo-home/registry/src/github.com-1ecc6299db9ec823/runestick-0.6.16/src/lib.rs:79:1
[INFO] [stdout]    |
[INFO] [stdout] 79 | mod unit;
[INFO] [stdout]    | ^^^^^^^^^
[INFO] [stdout] 
[INFO] [stdout] 
[INFO] [stdout] error[E0603]: module `unit` is private
[INFO] [stdout]   --> src/ast/pat_vec.rs:5:16
[INFO] [stdout]    |
[INFO] [stdout] 5  | use runestick::unit::Span;
[INFO] [stdout]    |                ^^^^ private module
[INFO] [stdout]    |
[INFO] [stdout] note: the module `unit` is defined here
[INFO] [stdout]   --> /opt/rustwide/cargo-home/registry/src/github.com-1ecc6299db9ec823/runestick-0.6.16/src/lib.rs:79:1
[INFO] [stdout]    |
[INFO] [stdout] 79 | mod unit;
[INFO] [stdout]    | ^^^^^^^^^
[INFO] [stdout] 
[INFO] [stdout] 
[INFO] [stdout] error[E0603]: module `unit` is private
[INFO] [stdout]   --> src/ast/utils.rs:3:16
[INFO] [stdout]    |
[INFO] [stdout] 3  | use runestick::unit::Span;
[INFO] [stdout]    |                ^^^^ private module
[INFO] [stdout]    |
[INFO] [stdout] note: the module `unit` is defined here
[INFO] [stdout]   --> /opt/rustwide/cargo-home/registry/src/github.com-1ecc6299db9ec823/runestick-0.6.16/src/lib.rs:79:1
[INFO] [stdout]    |
[INFO] [stdout] 79 | mod unit;
[INFO] [stdout]    | ^^^^^^^^^
[INFO] [stdout] 
[INFO] [stdout] 
[INFO] [stdout] error[E0603]: module `unit` is private
[INFO] [stdout]    --> src/ast/utils.rs:238:20
[INFO] [stdout]     |
[INFO] [stdout] 238 |     use runestick::unit::Span;
[INFO] [stdout]     |                    ^^^^ private module
[INFO] [stdout]     |
[INFO] [stdout] note: the module `unit` is defined here
[INFO] [stdout]    --> /opt/rustwide/cargo-home/registry/src/github.com-1ecc6299db9ec823/runestick-0.6.16/src/lib.rs:79:1
[INFO] [stdout]     |
[INFO] [stdout] 79  | mod unit;
[INFO] [stdout]     | ^^^^^^^^^
[INFO] [stdout] 
[INFO] [stdout] 
[INFO] [stdout] error[E0603]: module `unit` is private
[INFO] [stdout]   --> src/compiler.rs:7:16
[INFO] [stdout]    |
[INFO] [stdout] 7  | use runestick::unit::{Assembly, Label};
[INFO] [stdout]    |                ^^^^ private module
[INFO] [stdout]    |
[INFO] [stdout] note: the module `unit` is defined here
[INFO] [stdout]   --> /opt/rustwide/cargo-home/registry/src/github.com-1ecc6299db9ec823/runestick-0.6.16/src/lib.rs:79:1
[INFO] [stdout]    |
[INFO] [stdout] 79 | mod unit;
[INFO] [stdout]    | ^^^^^^^^^
[INFO] [stdout] 
[INFO] [stdout] 
[INFO] [stdout] error[E0603]: module `unit` is private
[INFO] [stdout]   --> src/index.rs:9:16
[INFO] [stdout]    |
[INFO] [stdout] 9  | use runestick::unit::UnitFnCall;
[INFO] [stdout]    |                ^^^^ private module
[INFO] [stdout]    |
[INFO] [stdout] note: the module `unit` is defined here
[INFO] [stdout]   --> /opt/rustwide/cargo-home/registry/src/github.com-1ecc6299db9ec823/runestick-0.6.16/src/lib.rs:79:1
[INFO] [stdout]    |
[INFO] [stdout] 79 | mod unit;
[INFO] [stdout]    | ^^^^^^^^^
[INFO] [stdout] 
[INFO] [stdout] 
[INFO] [stdout] error[E0603]: module `unit` is private
[INFO] [stdout]   --> src/lexer.rs:4:16
[INFO] [stdout]    |
[INFO] [stdout] 4  | use runestick::unit::Span;
[INFO] [stdout]    |                ^^^^ private module
[INFO] [stdout]    |
[INFO] [stdout] note: the module `unit` is defined here
[INFO] [stdout]   --> /opt/rustwide/cargo-home/registry/src/github.com-1ecc6299db9ec823/runestick-0.6.16/src/lib.rs:79:1
[INFO] [stdout]    |
[INFO] [stdout] 79 | mod unit;
[INFO] [stdout]    | ^^^^^^^^^
[INFO] [stdout] 
[INFO] [stdout] 
[INFO] [stdout] error[E0603]: module `unit` is private
[INFO] [stdout]    --> src/lexer.rs:649:20
[INFO] [stdout]     |
[INFO] [stdout] 649 |     use runestick::unit::Span;
[INFO] [stdout]     |                    ^^^^ private module
[INFO] [stdout]     |
[INFO] [stdout] note: the module `unit` is defined here
[INFO] [stdout]    --> /opt/rustwide/cargo-home/registry/src/github.com-1ecc6299db9ec823/runestick-0.6.16/src/lib.rs:79:1
[INFO] [stdout]     |
[INFO] [stdout] 79  | mod unit;
[INFO] [stdout]     | ^^^^^^^^^
[INFO] [stdout] 
[INFO] [stdout] 
[INFO] [stdout] error[E0603]: module `unit` is private
[INFO] [stdout]   --> src/loops.rs:5:16
[INFO] [stdout]    |
[INFO] [stdout] 5  | use runestick::unit::Label;
[INFO] [stdout]    |                ^^^^ private module
[INFO] [stdout]    |
[INFO] [stdout] note: the module `unit` is defined here
[INFO] [stdout]   --> /opt/rustwide/cargo-home/registry/src/github.com-1ecc6299db9ec823/runestick-0.6.16/src/lib.rs:79:1
[INFO] [stdout]    |
[INFO] [stdout] 79 | mod unit;
[INFO] [stdout]    | ^^^^^^^^^
[INFO] [stdout] 
[INFO] [stdout] 
[INFO] [stdout] error[E0603]: module `unit` is private
[INFO] [stdout]   --> src/query.rs:9:5
[INFO] [stdout]    |
[INFO] [stdout] 9  |     unit::UnitFnCall, Hash, Item, Meta, MetaClosureCapture, MetaStruct, MetaTuple, Span, Unit,
[INFO] [stdout]    |     ^^^^ private module
[INFO] [stdout]    |
[INFO] [stdout] note: the module `unit` is defined here
[INFO] [stdout]   --> /opt/rustwide/cargo-home/registry/src/github.com-1ecc6299db9ec823/runestick-0.6.16/src/lib.rs:79:1
[INFO] [stdout]    |
[INFO] [stdout] 79 | mod unit;
[INFO] [stdout]    | ^^^^^^^^^
[INFO] [stdout] 
[INFO] [stdout] 
[INFO] [stdout] error[E0603]: module `unit` is private
[INFO] [stdout]   --> src/runtime.rs:4:16
[INFO] [stdout]    |
[INFO] [stdout] 4  | use runestick::unit::{LinkerError, LinkerErrors, Span};
[INFO] [stdout]    |                ^^^^ private module
[INFO] [stdout]    |
[INFO] [stdout] note: the module `unit` is defined here
[INFO] [stdout]   --> /opt/rustwide/cargo-home/registry/src/github.com-1ecc6299db9ec823/runestick-0.6.16/src/lib.rs:79:1
[INFO] [stdout]    |
[INFO] [stdout] 79 | mod unit;
[INFO] [stdout]    | ^^^^^^^^^
[INFO] [stdout] 
[INFO] [stdout] 
[INFO] [stdout] error[E0603]: module `unit` is private
[INFO] [stdout]   --> src/scopes.rs:3:16
[INFO] [stdout]    |
[INFO] [stdout] 3  | use runestick::unit::Assembly;
[INFO] [stdout]    |                ^^^^ private module
[INFO] [stdout]    |
[INFO] [stdout] note: the module `unit` is defined here
[INFO] [stdout]   --> /opt/rustwide/cargo-home/registry/src/github.com-1ecc6299db9ec823/runestick-0.6.16/src/lib.rs:79:1
[INFO] [stdout]    |
[INFO] [stdout] 79 | mod unit;
[INFO] [stdout]    | ^^^^^^^^^
[INFO] [stdout] 
[INFO] [stdout] 
[INFO] [stdout] error[E0603]: module `unit` is private
[INFO] [stdout]   --> src/source.rs:2:16
[INFO] [stdout]    |
[INFO] [stdout] 2  | use runestick::unit::Span;
[INFO] [stdout]    |                ^^^^ private module
[INFO] [stdout]    |
[INFO] [stdout] note: the module `unit` is defined here
[INFO] [stdout]   --> /opt/rustwide/cargo-home/registry/src/github.com-1ecc6299db9ec823/runestick-0.6.16/src/lib.rs:79:1
[INFO] [stdout]    |
[INFO] [stdout] 79 | mod unit;
[INFO] [stdout]    | ^^^^^^^^^
[INFO] [stdout] 
[INFO] [stdout] 
[INFO] [stdout] error[E0603]: module `unit` is private
[INFO] [stdout]   --> src/token.rs:1:16
[INFO] [stdout]    |
[INFO] [stdout] 1  | use runestick::unit::Span;
[INFO] [stdout]    |                ^^^^ private module
[INFO] [stdout]    |
[INFO] [stdout] note: the module `unit` is defined here
[INFO] [stdout]   --> /opt/rustwide/cargo-home/registry/src/github.com-1ecc6299db9ec823/runestick-0.6.16/src/lib.rs:79:1
[INFO] [stdout]    |
[INFO] [stdout] 79 | mod unit;
[INFO] [stdout]    | ^^^^^^^^^
[INFO] [stdout] 
[INFO] [stdout] 
[INFO] [stdout] error[E0603]: module `unit` is private
[INFO] [stdout]    --> src/lib.rs:108:20
[INFO] [stdout]     |
[INFO] [stdout] 108 | pub use runestick::unit::Span;
[INFO] [stdout]     |                    ^^^^ private module
[INFO] [stdout]     |
[INFO] [stdout] note: the module `unit` is defined here
[INFO] [stdout]    --> /opt/rustwide/cargo-home/registry/src/github.com-1ecc6299db9ec823/runestick-0.6.16/src/lib.rs:79:1
[INFO] [stdout]     |
[INFO] [stdout] 79  | mod unit;
[INFO] [stdout]     | ^^^^^^^^^
[INFO] [stdout] 
[INFO] [stdout] 
[INFO] [stdout] error[E0282]: type annotations needed for `std::option::Option<(_, _)>`
[INFO] [stdout]    --> src/ast/expr.rs:430:38
[INFO] [stdout]     |
[INFO] [stdout] 427 |             let lookahead = lookahead_tok.and_then(ast::BinOp::from_token);
[INFO] [stdout]     |                 --------- consider giving `lookahead` the explicit type `std::option::Option<(_, _)>`, with the type parameters specified
[INFO] [stdout] ...
[INFO] [stdout] 430 |                 Some((op, token)) if op.precedence() >= min_precedence => (op, token),
[INFO] [stdout]     |                                      ^^ cannot infer type
[INFO] [stdout]     |
[INFO] [stdout]     = note: type must be known at this point
[INFO] [stdout] 
[INFO] [stdout] 
[INFO] [stdout] error[E0061]: this function takes 5 arguments but 4 arguments were supplied
[INFO] [stdout]   --> src/compiler.rs:89:39
[INFO] [stdout]    |
[INFO] [stdout] 89 |                     unit.borrow_mut().new_function(item, count, asm, f.call)?;
[INFO] [stdout]    |                                       ^^^^^^^^^^^^ ----  -----  ---  ------ supplied 4 arguments
[INFO] [stdout]    |                                       |
[INFO] [stdout]    |                                       expected 5 arguments
[INFO] [stdout] 
[INFO] [stdout] 
[INFO] [stdout] error[E0061]: this function takes 7 arguments but 6 arguments were supplied
[INFO] [stdout]    --> src/compiler.rs:114:26
[INFO] [stdout]     |
[INFO] [stdout] 114 |                         .new_instance_function(item, value_type, name, count, asm, f.call)?;
[INFO] [stdout]     |                          ^^^^^^^^^^^^^^^^^^^^^ ----  ----------  ----  -----  ---  ------ supplied 6 arguments
[INFO] [stdout]     |                          |
[INFO] [stdout]     |                          expected 7 arguments
[INFO] [stdout] 
[INFO] [stdout] 
[INFO] [stdout] error[E0061]: this function takes 5 arguments but 4 arguments were supplied
[INFO] [stdout]    --> src/compiler.rs:121:39
[INFO] [stdout]     |
[INFO] [stdout] 121 |                     unit.borrow_mut().new_function(item, count, asm, c.call)?;
[INFO] [stdout]     |                                       ^^^^^^^^^^^^ ----  -----  ---  ------ supplied 4 arguments
[INFO] [stdout]     |                                       |
[INFO] [stdout]     |                                       expected 5 arguments
[INFO] [stdout] 
[INFO] [stdout] 
[INFO] [stdout] error[E0282]: type annotations needed for `std::option::Option<(_, _)>`
[INFO] [stdout]    --> src/ast/expr.rs:430:38
[INFO] [stdout]     |
[INFO] [stdout] 427 |             let lookahead = lookahead_tok.and_then(ast::BinOp::from_token);
[INFO] [stdout]     |                 --------- consider giving `lookahead` the explicit type `std::option::Option<(_, _)>`, with the type parameters specified
[INFO] [stdout] ...
[INFO] [stdout] 430 |                 Some((op, token)) if op.precedence() >= min_precedence => (op, token),
[INFO] [stdout]     |                                      ^^ cannot infer type
[INFO] [stdout]     |
[INFO] [stdout]     = note: type must be known at this point
[INFO] [stdout] 
[INFO] [stdout] 
[INFO] [stdout] error[E0061]: this function takes 5 arguments but 4 arguments were supplied
[INFO] [stdout]   --> src/compiler.rs:89:39
[INFO] [stdout]    |
[INFO] [stdout] 89 |                     unit.borrow_mut().new_function(item, count, asm, f.call)?;
[INFO] [stdout]    |                                       ^^^^^^^^^^^^ ----  -----  ---  ------ supplied 4 arguments
[INFO] [stdout]    |                                       |
[INFO] [stdout]    |                                       expected 5 arguments
[INFO] [stdout] 
[INFO] [stdout] 
[INFO] [stdout] error[E0061]: this function takes 7 arguments but 6 arguments were supplied
[INFO] [stdout]    --> src/compiler.rs:114:26
[INFO] [stdout]     |
[INFO] [stdout] 114 |                         .new_instance_function(item, value_type, name, count, asm, f.call)?;
[INFO] [stdout]     |                          ^^^^^^^^^^^^^^^^^^^^^ ----  ----------  ----  -----  ---  ------ supplied 6 arguments
[INFO] [stdout]     |                          |
[INFO] [stdout]     |                          expected 7 arguments
[INFO] [stdout] 
[INFO] [stdout] 
[INFO] [stdout] error[E0061]: this function takes 5 arguments but 4 arguments were supplied
[INFO] [stdout]    --> src/compiler.rs:121:39
[INFO] [stdout]     |
[INFO] [stdout] 121 |                     unit.borrow_mut().new_function(item, count, asm, c.call)?;
[INFO] [stdout]     |                                       ^^^^^^^^^^^^ ----  -----  ---  ------ supplied 4 arguments
[INFO] [stdout]     |                                       |
[INFO] [stdout]     |                                       expected 5 arguments
[INFO] [stdout] 
[INFO] [stdout] 
[INFO] [stdout] error[E0599]: no associated item named `Type` found for trait object `dyn ValueType` in the current scope
[INFO] [stdout]    --> src/index.rs:144:40
[INFO] [stdout]     |
[INFO] [stdout] 144 |                 value_type: ValueType::Type(Hash::type_hash(&item)),
[INFO] [stdout]     |                                        ^^^^ associated item not found in `dyn ValueType`
[INFO] [stdout] 
[INFO] [stdout] 
[INFO] [stdout] error[E0599]: no associated item named `Type` found for trait object `dyn ValueType` in the current scope
[INFO] [stdout]    --> src/index.rs:159:44
[INFO] [stdout]     |
[INFO] [stdout] 159 |                     value_type: ValueType::Type(Hash::type_hash(&item)),
[INFO] [stdout]     |                                            ^^^^ associated item not found in `dyn ValueType`
[INFO] [stdout] 
[INFO] [stdout] 
[INFO] [stdout] error[E0599]: no associated item named `Type` found for trait object `dyn ValueType` in the current scope
[INFO] [stdout]    --> src/query.rs:182:40
[INFO] [stdout]     |
[INFO] [stdout] 182 |                 value_type: ValueType::Type(Hash::type_hash(&item)),
[INFO] [stdout]     |                                        ^^^^ associated item not found in `dyn ValueType`
[INFO] [stdout] 
[INFO] [stdout] 
[INFO] [stdout] error[E0599]: no associated item named `Type` found for trait object `dyn ValueType` in the current scope
[INFO] [stdout]    --> src/query.rs:195:44
[INFO] [stdout]     |
[INFO] [stdout] 195 |                     value_type: ValueType::Type(Hash::type_hash(&item)),
[INFO] [stdout]     |                                            ^^^^ associated item not found in `dyn ValueType`
[INFO] [stdout] 
[INFO] [stdout] 
[INFO] [stdout] error[E0599]: no associated item named `Type` found for trait object `dyn ValueType` in the current scope
[INFO] [stdout]    --> src/query.rs:204:44
[INFO] [stdout]     |
[INFO] [stdout] 204 |                     value_type: ValueType::Type(Hash::type_hash(&item)),
[INFO] [stdout]     |                                            ^^^^ associated item not found in `dyn ValueType`
[INFO] [stdout] 
[INFO] [stdout] 
[INFO] [stdout] error[E0599]: no associated item named `Type` found for trait object `dyn ValueType` in the current scope
[INFO] [stdout]    --> src/query.rs:226:37
[INFO] [stdout]     |
[INFO] [stdout] 226 |         let value_type = ValueType::Type(Hash::type_hash(item));
[INFO] [stdout]     |                                     ^^^^ associated item not found in `dyn ValueType`
[INFO] [stdout] 
[INFO] [stdout] 
[INFO] [stdout] error[E0308]: mismatched types
[INFO] [stdout]    --> src/runtime.rs:161:37
[INFO] [stdout]     |
[INFO] [stdout] 161 |         let vm = runestick::Vm::new(self.context.clone(), unit);
[INFO] [stdout]     |                                     ^^^^^^^^^^^^^^^^^^^^ expected struct `Arc`, found struct `Rc`
[INFO] [stdout]     |
[INFO] [stdout]     = note: expected struct `Arc<runestick::Context>`
[INFO] [stdout]                found struct `Rc<runestick::Context>`
[INFO] [stdout] 
[INFO] [stdout] 
[INFO] [stdout] error[E0599]: no associated item named `Type` found for trait object `dyn ValueType` in the current scope
[INFO] [stdout]    --> src/index.rs:144:40
[INFO] [stdout]     |
[INFO] [stdout] 144 |                 value_type: ValueType::Type(Hash::type_hash(&item)),
[INFO] [stdout]     |                                        ^^^^ associated item not found in `dyn ValueType`
[INFO] [stdout] 
[INFO] [stdout] 
[INFO] [stdout] error[E0599]: no associated item named `Type` found for trait object `dyn ValueType` in the current scope
[INFO] [stdout]    --> src/index.rs:159:44
[INFO] [stdout]     |
[INFO] [stdout] 159 |                     value_type: ValueType::Type(Hash::type_hash(&item)),
[INFO] [stdout]     |                                            ^^^^ associated item not found in `dyn ValueType`
[INFO] [stdout] 
[INFO] [stdout] 
[INFO] [stdout] error[E0308]: mismatched types
[INFO] [stdout]    --> src/runtime.rs:161:59
[INFO] [stdout]     |
[INFO] [stdout] 161 |         let vm = runestick::Vm::new(self.context.clone(), unit);
[INFO] [stdout]     |                                                           ^^^^ expected struct `Arc`, found struct `Rc`
[INFO] [stdout]     |
[INFO] [stdout]     = note: expected struct `Arc<runestick::Unit>`
[INFO] [stdout]                found struct `Rc<runestick::Unit>`
[INFO] [stdout] 
[INFO] [stdout] 
[INFO] [stdout] error[E0599]: no method named `from_unwinded` found for struct `VmError` in the current scope
[INFO] [stdout]    --> src/runtime.rs:179:33
[INFO] [stdout]     |
[INFO] [stdout] 179 |         let (error, ip) = error.from_unwinded();
[INFO] [stdout]     |                                 ^^^^^^^^^^^^^ help: there is an associated function with a similar name: `into_unwinded`
[INFO] [stdout] 
[INFO] [stdout] 
[INFO] [stdout] error[E0599]: no method named `debug_info_at` found for reference `&Rc<runestick::Unit>` in the current scope
[INFO] [stdout]    --> src/runtime.rs:182:35
[INFO] [stdout]     |
[INFO] [stdout] 182 |         if let Some(debug) = unit.debug_info_at(ip) {
[INFO] [stdout]     |                                   ^^^^^^^^^^^^^ help: there is an associated function with a similar name: `debug_info_mut`
[INFO] [stdout] 
[INFO] [stdout] 
[INFO] [stdout] error: aborting due to 74 previous errors
[INFO] [stdout] 
[INFO] [stdout] 
[INFO] [stdout] Some errors have detailed explanations: E0061, E0282, E0308, E0432, E0599, E0603.
[INFO] [stdout] 
[INFO] [stdout] For more information about an error, try `rustc --explain E0061`.
[INFO] [stdout] 
[INFO] [stdout] error[E0599]: no associated item named `Type` found for trait object `dyn ValueType` in the current scope
[INFO] [stdout]    --> src/query.rs:182:40
[INFO] [stdout]     |
[INFO] [stdout] 182 |                 value_type: ValueType::Type(Hash::type_hash(&item)),
[INFO] [stdout]     |                                        ^^^^ associated item not found in `dyn ValueType`
[INFO] [stdout] 
[INFO] [stdout] 
[INFO] [stdout] error[E0599]: no associated item named `Type` found for trait object `dyn ValueType` in the current scope
[INFO] [stdout]    --> src/query.rs:195:44
[INFO] [stdout]     |
[INFO] [stdout] 195 |                     value_type: ValueType::Type(Hash::type_hash(&item)),
[INFO] [stdout]     |                                            ^^^^ associated item not found in `dyn ValueType`
[INFO] [stdout] 
[INFO] [stdout] 
[INFO] [stdout] error[E0599]: no associated item named `Type` found for trait object `dyn ValueType` in the current scope
[INFO] [stdout]    --> src/query.rs:204:44
[INFO] [stdout]     |
[INFO] [stdout] 204 |                     value_type: ValueType::Type(Hash::type_hash(&item)),
[INFO] [stdout]     |                                            ^^^^ associated item not found in `dyn ValueType`
[INFO] [stdout] 
[INFO] [stdout] 
[INFO] [stdout] error[E0599]: no associated item named `Type` found for trait object `dyn ValueType` in the current scope
[INFO] [stdout]    --> src/query.rs:226:37
[INFO] [stdout]     |
[INFO] [stdout] 226 |         let value_type = ValueType::Type(Hash::type_hash(item));
[INFO] [stdout]     |                                     ^^^^ associated item not found in `dyn ValueType`
[INFO] [stdout] 
[INFO] [stdout] 
[INFO] [stderr] error: could not compile `rune`.
[INFO] [stderr] 
[INFO] [stderr] To learn more, run the command again with --verbose.
[INFO] [stderr] warning: build failed, waiting for other jobs to finish...
[INFO] [stdout] error[E0308]: mismatched types
[INFO] [stdout]    --> src/runtime.rs:161:37
[INFO] [stdout]     |
[INFO] [stdout] 161 |         let vm = runestick::Vm::new(self.context.clone(), unit);
[INFO] [stdout]     |                                     ^^^^^^^^^^^^^^^^^^^^ expected struct `Arc`, found struct `Rc`
[INFO] [stdout]     |
[INFO] [stdout]     = note: expected struct `Arc<runestick::Context>`
[INFO] [stdout]                found struct `Rc<runestick::Context>`
[INFO] [stdout] 
[INFO] [stdout] 
[INFO] [stdout] error[E0308]: mismatched types
[INFO] [stdout]    --> src/runtime.rs:161:59
[INFO] [stdout]     |
[INFO] [stdout] 161 |         let vm = runestick::Vm::new(self.context.clone(), unit);
[INFO] [stdout]     |                                                           ^^^^ expected struct `Arc`, found struct `Rc`
[INFO] [stdout]     |
[INFO] [stdout]     = note: expected struct `Arc<runestick::Unit>`
[INFO] [stdout]                found struct `Rc<runestick::Unit>`
[INFO] [stdout] 
[INFO] [stdout] 
[INFO] [stdout] error[E0599]: no method named `from_unwinded` found for struct `VmError` in the current scope
[INFO] [stdout]    --> src/runtime.rs:179:33
[INFO] [stdout]     |
[INFO] [stdout] 179 |         let (error, ip) = error.from_unwinded();
[INFO] [stdout]     |                                 ^^^^^^^^^^^^^ help: there is an associated function with a similar name: `into_unwinded`
[INFO] [stdout] 
[INFO] [stdout] 
[INFO] [stdout] error[E0599]: no method named `debug_info_at` found for reference `&Rc<runestick::Unit>` in the current scope
[INFO] [stdout]    --> src/runtime.rs:182:35
[INFO] [stdout]     |
[INFO] [stdout] 182 |         if let Some(debug) = unit.debug_info_at(ip) {
[INFO] [stdout]     |                                   ^^^^^^^^^^^^^ help: there is an associated function with a similar name: `debug_info_mut`
[INFO] [stdout] 
[INFO] [stdout] 
[INFO] [stdout] error: aborting due to 76 previous errors
[INFO] [stdout] 
[INFO] [stdout] 
[INFO] [stdout] Some errors have detailed explanations: E0061, E0282, E0308, E0432, E0599, E0603.
[INFO] [stdout] 
[INFO] [stdout] For more information about an error, try `rustc --explain E0061`.
[INFO] [stdout] 
[INFO] [stderr] error: build failed
[INFO] running `Command { std: "docker" "inspect" "cd96f6fb8a26acef1aebf8a459a4803e42b9ee1d1a993baefffcfc7b350e8e35", kill_on_drop: false }`
[INFO] running `Command { std: "docker" "rm" "-f" "cd96f6fb8a26acef1aebf8a459a4803e42b9ee1d1a993baefffcfc7b350e8e35", kill_on_drop: false }`
[INFO] [stdout] cd96f6fb8a26acef1aebf8a459a4803e42b9ee1d1a993baefffcfc7b350e8e35
